CRAN Package Check Results for Package dfpk

Last updated on 2021-10-25 01:48:44 CEST.

Flavor Version Tinstall Tcheck Ttotal Status Flags
r-devel-linux-x86_64-debian-clang 3.5.1 205.28 117.83 323.11 NOTE
r-devel-linux-x86_64-debian-gcc 3.5.1 164.11 92.78 256.89 NOTE
r-devel-linux-x86_64-fedora-clang 3.5.1 463.40 NOTE
r-devel-linux-x86_64-fedora-gcc 3.5.1 472.49 NOTE
r-devel-windows-x86_64 3.5.1 227.00 179.00 406.00 NOTE
r-devel-windows-x86_64-gcc10-UCRT 3.5.1 NOTE
r-patched-linux-x86_64 3.5.1 186.83 117.84 304.67 NOTE
r-patched-solaris-x86 3.5.1 437.00 NOTE
r-release-linux-x86_64 3.5.1 160.19 117.23 277.42 NOTE
r-release-macos-arm64 3.5.1 NOTE
r-release-macos-x86_64 3.5.1 NOTE
r-release-windows-ix86+x86_64 3.5.1 323.00 237.00 560.00 NOTE
r-oldrel-macos-x86_64 3.5.1 NOTE
r-oldrel-windows-ix86+x86_64 3.5.1 440.00 244.00 684.00 NOTE

Check Details

Version: 3.5.1
Check: for GNU extensions in Makefiles
Result: NOTE
    GNU make is a SystemRequirements.
Flavors: r-devel-linux-x86_64-debian-clang, r-devel-linux-x86_64-debian-gcc, r-devel-linux-x86_64-fedora-clang, r-devel-linux-x86_64-fedora-gcc, r-devel-windows-x86_64, r-devel-windows-x86_64-gcc10-UCRT, r-patched-linux-x86_64, r-patched-solaris-x86, r-release-linux-x86_64, r-release-macos-arm64, r-release-macos-x86_64, r-release-windows-ix86+x86_64, r-oldrel-macos-x86_64, r-oldrel-windows-ix86+x86_64

Version: 3.5.1
Check: installed package size
Result: NOTE
     installed size is 43.4Mb
     sub-directories of 1Mb or more:
     libs 42.7Mb
Flavors: r-devel-linux-x86_64-fedora-clang, r-release-macos-arm64, r-release-macos-x86_64, r-release-windows-ix86+x86_64, r-oldrel-macos-x86_64, r-oldrel-windows-ix86+x86_64