CRAN Package Check Results for Package dgumbel

Last updated on 2021-09-23 07:49:32 CEST.

Flavor Version Tinstall Tcheck Ttotal Status Flags
r-devel-linux-x86_64-debian-clang 1.0.1 30.34 26.15 56.49 OK
r-devel-linux-x86_64-debian-gcc 1.0.1 16.34 20.81 37.15 OK
r-devel-linux-x86_64-fedora-clang 1.0.1 80.11 OK
r-devel-linux-x86_64-fedora-gcc 1.0.1 62.94 OK
r-devel-windows-x86_64 1.0.1 26.00 42.00 68.00 OK
r-devel-windows-x86_64-gcc10-UCRT 1.0.1 ERROR
r-patched-linux-x86_64 1.0.1 19.76 25.58 45.34 OK
r-patched-solaris-x86 1.0.1 72.70 OK
r-release-linux-x86_64 1.0.1 23.45 25.52 48.97 OK
r-release-macos-arm64 1.0.1 OK
r-release-macos-x86_64 1.0.1 OK
r-release-windows-ix86+x86_64 1.0.1 63.00 52.00 115.00 OK
r-oldrel-macos-x86_64 1.0.1 OK
r-oldrel-windows-ix86+x86_64 1.0.1 48.00 53.00 101.00 OK

Check Details

Version: 1.0.1
Check: whether package can be installed
Result: ERROR
    Installation failed.
Flavor: r-devel-windows-x86_64-gcc10-UCRT