CRAN Package Check Results for Package diathor

Last updated on 2021-09-22 10:51:29 CEST.

Flavor Version Tinstall Tcheck Ttotal Status Flags
r-devel-linux-x86_64-debian-clang 0.0.6 19.29 111.90 131.19 OK
r-devel-linux-x86_64-debian-gcc 0.0.6 15.39 83.50 98.89 OK
r-devel-linux-x86_64-fedora-clang 0.0.6 161.50 NOTE
r-devel-linux-x86_64-fedora-gcc 0.0.6 148.96 NOTE
r-devel-windows-x86_64 0.0.6 25.00 97.00 122.00 OK
r-devel-windows-x86_64-gcc10-UCRT 0.0.6 ERROR
r-patched-linux-x86_64 0.0.6 17.82 103.59 121.41 OK
r-patched-solaris-x86 0.0.6 212.20 NOTE
r-release-linux-x86_64 0.0.6 14.93 103.24 118.17 OK
r-release-macos-arm64 0.0.6 NOTE
r-release-macos-x86_64 0.0.6 NOTE
r-release-windows-ix86+x86_64 0.0.6 37.00 99.00 136.00 OK
r-oldrel-macos-x86_64 0.0.6 NOTE
r-oldrel-windows-ix86+x86_64 0.0.6 25.00 101.00 126.00 OK

Check Details

Version: 0.0.6
Check: data for non-ASCII characters
Result: NOTE
     Note: found 7880 marked UTF-8 strings
Flavors: r-devel-linux-x86_64-fedora-clang, r-devel-linux-x86_64-fedora-gcc, r-devel-windows-x86_64-gcc10-UCRT, r-patched-solaris-x86, r-release-macos-arm64, r-release-macos-x86_64, r-oldrel-macos-x86_64

Version: 0.0.6
Check: PDF version of manual
Result: WARN
    LaTeX errors when creating PDF version.
    This typically indicates Rd problems.
Flavor: r-devel-windows-x86_64-gcc10-UCRT

Version: 0.0.6
Check: PDF version of manual without hyperrefs or index
Result: ERROR
    Re-running with no redirection of stdout/stderr.
Flavor: r-devel-windows-x86_64-gcc10-UCRT