CRAN Package Check Results for Package digest

Last updated on 2021-11-27 03:57:56 CET.

Flavor Version Tinstall Tcheck Ttotal Status Flags
r-devel-linux-x86_64-debian-clang 0.6.28 7.98 29.89 37.87 OK
r-devel-linux-x86_64-debian-gcc 0.6.28 7.91 23.62 31.53 OK
r-devel-linux-x86_64-fedora-clang 0.6.28 65.42 OK
r-devel-linux-x86_64-fedora-gcc 0.6.28 51.34 OK
r-devel-windows-x86_64-new-UL 0.6.28 27.00 72.00 99.00 WARN
r-devel-windows-x86_64-new-TK 0.6.28 WARN
r-devel-windows-x86_64-old 0.6.28 19.00 48.00 67.00 OK
r-patched-linux-x86_64 0.6.28 9.54 28.50 38.04 OK
r-patched-solaris-x86 0.6.28 74.10 OK
r-release-linux-x86_64 0.6.28 OK
r-release-macos-arm64 0.6.28 OK
r-release-macos-x86_64 0.6.28 OK
r-release-windows-ix86+x86_64 0.6.28 39.00 50.00 89.00 OK
r-oldrel-macos-x86_64 0.6.28 OK
r-oldrel-windows-ix86+x86_64 0.6.28 31.00 58.00 89.00 OK

Check Details

Version: 0.6.28
Check: whether package can be installed
Result: WARN
    Found the following significant warnings:
     digest.c:207:25: warning: too many arguments for format [-Wformat-extra-args]
     digest.c:432:25: warning: too many arguments for format [-Wformat-extra-args]
Flavors: r-devel-windows-x86_64-new-UL, r-devel-windows-x86_64-new-TK