Last updated on 2023-06-08 10:56:13 CEST.
Flavor | Version | Tinstall | Tcheck | Ttotal | Status | Flags |
---|---|---|---|---|---|---|
r-devel-linux-x86_64-debian-clang | 0.3.1 | 39.73 | 468.23 | 507.96 | OK | |
r-devel-linux-x86_64-debian-gcc | 0.3.1 | 36.76 | 352.29 | 389.05 | OK | |
r-devel-linux-x86_64-fedora-clang | 0.3.1 | 686.56 | OK | |||
r-devel-linux-x86_64-fedora-gcc | 0.3.1 | 679.29 | OK | |||
r-devel-windows-x86_64 | 0.3.1 | 47.00 | 449.00 | 496.00 | OK | |
r-patched-linux-x86_64 | 0.3.1 | 50.96 | 440.52 | 491.48 | OK | |
r-release-linux-x86_64 | 0.3.1 | 44.64 | 441.43 | 486.07 | OK | |
r-release-macos-arm64 | 0.3.1 | 160.00 | NOTE | |||
r-release-macos-x86_64 | 0.3.1 | 311.00 | NOTE | |||
r-release-windows-x86_64 | 0.3.1 | 55.00 | 486.00 | 541.00 | OK | |
r-oldrel-macos-arm64 | 0.3.1 | 9.00 | ERROR | |||
r-oldrel-macos-x86_64 | 0.3.1 | 222.00 | OK | |||
r-oldrel-windows-x86_64 | 0.3.1 | 55.00 | 434.00 | 489.00 | OK |
Version: 0.3.1
Check: package dependencies
Result: NOTE
Packages suggested but not available for checking: 'rhdf5', 'HDF5Array'
Flavors: r-release-macos-arm64, r-release-macos-x86_64
Version: 0.3.1
Check: Rd cross-references
Result: NOTE
Package unavailable to check Rd xrefs: ‘HDF5Array’
Flavors: r-release-macos-arm64, r-release-macos-x86_64
Version: 0.3.1
Check: package dependencies
Result: ERROR
Package required but not available: ‘zinbwave’
See section ‘The DESCRIPTION file’ in the ‘Writing R Extensions’
manual.
Flavor: r-oldrel-macos-arm64