CRAN Package Check Results for Package dirmcmc

Last updated on 2021-10-19 22:53:52 CEST.

Flavor Version Tinstall Tcheck Ttotal Status Flags
r-devel-linux-x86_64-debian-clang 1.3.3 2.46 27.61 30.07 NOTE
r-devel-linux-x86_64-debian-gcc 1.3.3 1.87 21.19 23.06 NOTE
r-devel-linux-x86_64-fedora-clang 1.3.3 48.34 NOTE
r-devel-linux-x86_64-fedora-gcc 1.3.3 36.44 NOTE
r-devel-windows-x86_64 1.3.3 4.00 49.00 53.00 NOTE
r-devel-windows-x86_64-gcc10-UCRT 1.3.3 NOTE
r-patched-linux-x86_64 1.3.3 6.64 26.38 33.02 NOTE
r-patched-solaris-x86 1.3.3 58.80 NOTE
r-release-linux-x86_64 1.3.3 2.11 27.29 29.40 NOTE
r-release-macos-arm64 1.3.3 NOTE
r-release-macos-x86_64 1.3.3 NOTE
r-release-windows-ix86+x86_64 1.3.3 5.00 49.00 54.00 NOTE
r-oldrel-macos-x86_64 1.3.3 OK
r-oldrel-windows-ix86+x86_64 1.3.3 6.00 45.00 51.00 OK

Check Details

Version: 1.3.3
Check: LazyData
Result: NOTE
     'LazyData' is specified without a 'data' directory
Flavors: r-devel-linux-x86_64-debian-clang, r-devel-linux-x86_64-debian-gcc, r-devel-linux-x86_64-fedora-clang, r-devel-linux-x86_64-fedora-gcc, r-devel-windows-x86_64, r-devel-windows-x86_64-gcc10-UCRT, r-patched-linux-x86_64, r-patched-solaris-x86, r-release-linux-x86_64, r-release-macos-arm64, r-release-macos-x86_64, r-release-windows-ix86+x86_64