CRAN Package Check Results for Package disastr.api

Last updated on 2021-10-19 10:50:49 CEST.

Flavor Version Tinstall Tcheck Ttotal Status Flags
r-devel-linux-x86_64-debian-clang 1.0.5 2.18 23.78 25.96 NOTE
r-devel-linux-x86_64-debian-gcc 1.0.5 1.65 18.71 20.36 NOTE
r-devel-linux-x86_64-fedora-clang 1.0.5 44.33 NOTE
r-devel-linux-x86_64-fedora-gcc 1.0.5 30.72 NOTE
r-devel-windows-x86_64 1.0.5 5.00 43.00 48.00 NOTE
r-devel-windows-x86_64-gcc10-UCRT 1.0.5 NOTE
r-patched-linux-x86_64 1.0.5 2.22 22.87 25.09 NOTE
r-patched-solaris-x86 1.0.5 49.60 NOTE
r-release-linux-x86_64 1.0.5 2.14 23.06 25.20 NOTE
r-release-macos-arm64 1.0.5 NOTE
r-release-macos-x86_64 1.0.5 NOTE
r-release-windows-ix86+x86_64 1.0.5 3.00 41.00 44.00 NOTE
r-oldrel-macos-x86_64 1.0.5 OK
r-oldrel-windows-ix86+x86_64 1.0.5 6.00 41.00 47.00 OK

Check Details

Version: 1.0.5
Check: LazyData
Result: NOTE
     'LazyData' is specified without a 'data' directory
Flavors: r-devel-linux-x86_64-debian-clang, r-devel-linux-x86_64-debian-gcc, r-devel-linux-x86_64-fedora-clang, r-devel-linux-x86_64-fedora-gcc, r-devel-windows-x86_64, r-devel-windows-x86_64-gcc10-UCRT, r-patched-linux-x86_64, r-patched-solaris-x86, r-release-linux-x86_64, r-release-macos-arm64, r-release-macos-x86_64, r-release-windows-ix86+x86_64