CRAN Package Check Results for Package disco

Last updated on 2021-08-05 16:49:07 CEST.

Flavor Version Tinstall Tcheck Ttotal Status Flags
r-devel-linux-x86_64-debian-clang 0.6 7.85 65.13 72.98 OK
r-devel-linux-x86_64-debian-gcc 0.6 5.09 48.88 53.97 OK
r-devel-linux-x86_64-fedora-clang 0.6 94.63 OK
r-devel-linux-x86_64-fedora-gcc 0.6 82.28 OK
r-devel-windows-x86_64 0.6 14.00 87.00 101.00 OK
r-devel-windows-x86_64-gcc10-UCRT 0.6 ERROR
r-patched-linux-x86_64 0.6 8.29 60.14 68.43 OK
r-patched-solaris-x86 0.6 122.80 OK
r-release-linux-x86_64 0.6 7.79 60.60 68.39 OK
r-release-macos-arm64 0.6 OK
r-release-macos-x86_64 0.6 OK
r-release-windows-ix86+x86_64 0.6 19.00 66.00 85.00 OK
r-oldrel-macos-x86_64 0.6 OK
r-oldrel-windows-ix86+x86_64 0.6 22.00 87.00 109.00 OK

Check Details

Version: 0.6
Check: package dependencies
Result: ERROR
    Package required but not available: 'ggplot2'
    
    See section 'The DESCRIPTION file' in the 'Writing R Extensions'
    manual.
Flavor: r-devel-windows-x86_64-gcc10-UCRT