CRAN Package Check Results for Package diseasemapping

Last updated on 2021-10-18 22:56:03 CEST.

Flavor Version Tinstall Tcheck Ttotal Status Flags
r-devel-linux-x86_64-debian-clang 1.5.1 6.81 129.64 136.45 NOTE
r-devel-linux-x86_64-debian-gcc 1.5.1 5.08 98.18 103.26 NOTE
r-devel-linux-x86_64-fedora-clang 1.5.1 199.54 NOTE
r-devel-linux-x86_64-fedora-gcc 1.5.1 213.81 NOTE
r-devel-windows-x86_64 1.5.1 11.00 177.00 188.00 OK
r-devel-windows-x86_64-gcc10-UCRT 1.5.1 NOTE
r-patched-linux-x86_64 1.5.1 6.72 124.27 130.99 NOTE
r-patched-solaris-x86 1.5.1 224.30 NOTE
r-release-linux-x86_64 1.5.1 6.95 123.42 130.37 NOTE
r-release-macos-arm64 1.5.1 NOTE
r-release-macos-x86_64 1.5.1 NOTE
r-release-windows-ix86+x86_64 1.5.1 8.00 167.00 175.00 OK
r-oldrel-macos-x86_64 1.5.1 NOTE
r-oldrel-windows-ix86+x86_64 1.5.1 13.00 124.00 137.00 OK

Check Details

Version: 1.5.1
Check: package dependencies
Result: NOTE
    Package which this enhances but not available for checking: 'INLA'
Flavors: r-devel-linux-x86_64-debian-clang, r-devel-linux-x86_64-debian-gcc, r-devel-windows-x86_64-gcc10-UCRT, r-patched-linux-x86_64, r-patched-solaris-x86, r-release-linux-x86_64, r-release-macos-arm64, r-release-macos-x86_64, r-oldrel-macos-x86_64

Version: 1.5.1
Check: dependencies in R code
Result: NOTE
    Namespace in Imports field not imported from: ‘rgeos’
     All declared Imports should be used.
Flavors: r-devel-linux-x86_64-fedora-clang, r-devel-linux-x86_64-fedora-gcc, r-devel-windows-x86_64-gcc10-UCRT, r-patched-solaris-x86, r-release-macos-arm64, r-release-macos-x86_64, r-oldrel-macos-x86_64