CRAN Package Check Results for Package distrEx

Last updated on 2022-01-25 12:55:31 CET.

Flavor Version Tinstall Tcheck Ttotal Status Flags
r-devel-linux-x86_64-debian-clang 2.8.0 32.17 105.36 137.53 OK
r-devel-linux-x86_64-debian-gcc 2.8.0 30.83 84.39 115.22 OK
r-devel-linux-x86_64-fedora-clang 2.8.0 170.22 NOTE
r-devel-linux-x86_64-fedora-gcc 2.8.0 161.87 OK
r-devel-windows-x86_64-new-UL 2.8.0 102.00 139.00 241.00 OK
r-devel-windows-x86_64-new-TK 2.8.0 OK
r-patched-linux-x86_64 2.8.0 39.49 100.10 139.59 OK
r-release-linux-x86_64 2.8.0 33.85 99.11 132.96 OK
r-release-macos-arm64 2.8.0 OK
r-release-macos-x86_64 2.8.0 OK
r-release-windows-ix86+x86_64 2.8.0 59.00 158.00 217.00 OK
r-oldrel-macos-x86_64 2.8.0 OK
r-oldrel-windows-ix86+x86_64 2.8.0 57.00 159.00 216.00 OK

Check Details

Version: 2.8.0
Check: Rd cross-references
Result: NOTE
    Undeclared package ‘robustbase’ in Rd xrefs
Flavor: r-devel-linux-x86_64-fedora-clang