CRAN Package Check Results for Package distribglm

Last updated on 2021-10-17 07:50:40 CEST.

Flavor Version Tinstall Tcheck Ttotal Status Flags
r-devel-linux-x86_64-debian-clang 0.4.1 4.98 39.13 44.11 OK
r-devel-linux-x86_64-debian-gcc 0.4.1 3.41 29.47 32.88 OK
r-devel-linux-x86_64-fedora-clang 0.4.1 63.53 OK
r-devel-linux-x86_64-fedora-gcc 0.4.1 49.99 OK
r-devel-windows-x86_64 0.4.1 7.00 63.00 70.00 OK
r-devel-windows-x86_64-gcc10-UCRT 0.4.1 OK
r-patched-linux-x86_64 0.4.1 4.49 36.64 41.13 OK
r-patched-solaris-x86 0.4.1 72.30 NOTE
r-release-linux-x86_64 0.4.1 4.23 36.74 40.97 OK
r-release-macos-arm64 0.4.1 OK
r-release-macos-x86_64 0.4.1 OK
r-release-windows-ix86+x86_64 0.4.1 13.00 58.00 71.00 OK
r-oldrel-macos-x86_64 0.4.1 OK
r-oldrel-windows-ix86+x86_64 0.4.1 10.00 61.00 71.00 OK

Check Details

Version: 0.4.1
Check: package dependencies
Result: NOTE
    Package suggested but not available for checking: ‘plumberDeploy’
Flavor: r-patched-solaris-x86