CRAN Package Check Results for Package diveR

Last updated on 2021-11-30 06:49:22 CET.

Flavor Version Tinstall Tcheck Ttotal Status Flags
r-devel-linux-x86_64-debian-clang 0.1.2 7.60 77.39 84.99 OK
r-devel-linux-x86_64-debian-gcc 0.1.2 5.94 59.14 65.08 OK
r-devel-linux-x86_64-fedora-clang 0.1.2 113.81 NOTE
r-devel-linux-x86_64-fedora-gcc 0.1.2 102.47 NOTE
r-devel-windows-x86_64-new-UL 0.1.2 20.00 117.00 137.00 OK
r-devel-windows-x86_64-new-TK 0.1.2 NOTE
r-devel-windows-x86_64-old 0.1.2 12.00 69.00 81.00 OK
r-patched-linux-x86_64 0.1.2 7.82 72.80 80.62 OK
r-patched-solaris-x86 0.1.2 156.60 NOTE
r-release-linux-x86_64 0.1.2 7.25 73.49 80.74 OK
r-release-macos-arm64 0.1.2 NOTE
r-release-macos-x86_64 0.1.2 NOTE
r-release-windows-ix86+x86_64 0.1.2 24.00 76.00 100.00 OK
r-oldrel-macos-x86_64 0.1.2 NOTE
r-oldrel-windows-ix86+x86_64 0.1.2 17.00 84.00 101.00 OK

Check Details

Version: 0.1.2
Check: dependencies in R code
Result: NOTE
    Namespaces in Imports field not imported from:
     ‘ggmulti’ ‘loon’ ‘loon.data’ ‘loon.ggplot’ ‘loon.shiny’ ‘loon.tourr’
     ‘stats’ ‘zenplots’
     All declared Imports should be used.
Flavors: r-devel-linux-x86_64-fedora-clang, r-devel-linux-x86_64-fedora-gcc, r-devel-windows-x86_64-new-TK, r-patched-solaris-x86, r-release-macos-arm64, r-release-macos-x86_64, r-oldrel-macos-x86_64