CRAN Package Check Results for Package dkanr

Last updated on 2024-07-24 04:49:46 CEST.

Flavor Version Tinstall Tcheck Ttotal Status Flags
r-devel-linux-x86_64-debian-clang 0.1.3 3.69 90.34 94.03 NOTE
r-devel-linux-x86_64-debian-gcc 0.1.3 3.28 64.53 67.81 NOTE
r-devel-linux-x86_64-fedora-clang 0.1.3 113.40 NOTE
r-devel-linux-x86_64-fedora-gcc 0.1.3 121.53 NOTE
r-devel-windows-x86_64 0.1.3 6.00 94.00 100.00 NOTE
r-patched-linux-x86_64 0.1.3 4.59 86.64 91.23 NOTE
r-release-linux-x86_64 0.1.3 2.92 86.40 89.32 NOTE
r-release-macos-arm64 0.1.3 42.00 NOTE
r-release-macos-x86_64 0.1.3 62.00 NOTE
r-release-windows-x86_64 0.1.3 5.00 94.00 99.00 NOTE
r-oldrel-macos-arm64 0.1.3 42.00 NOTE
r-oldrel-macos-x86_64 0.1.3 69.00 NOTE
r-oldrel-windows-x86_64 0.1.3 6.00 107.00 113.00 NOTE

Check Details

Version: 0.1.3
Check: LazyData
Result: NOTE 'LazyData' is specified without a 'data' directory Flavors: r-devel-linux-x86_64-debian-clang, r-devel-linux-x86_64-debian-gcc, r-devel-linux-x86_64-fedora-clang, r-devel-linux-x86_64-fedora-gcc, r-devel-windows-x86_64, r-patched-linux-x86_64, r-release-linux-x86_64, r-release-macos-arm64, r-release-macos-x86_64, r-release-windows-x86_64, r-oldrel-macos-arm64, r-oldrel-macos-x86_64, r-oldrel-windows-x86_64