CRAN Package Check Results for Package dkanr

Last updated on 2021-10-25 01:48:44 CEST.

Flavor Version Tinstall Tcheck Ttotal Status Flags
r-devel-linux-x86_64-debian-clang 0.1.3 3.33 70.72 74.05 NOTE
r-devel-linux-x86_64-debian-gcc 0.1.3 2.97 53.36 56.33 NOTE
r-devel-linux-x86_64-fedora-clang 0.1.3 97.70 NOTE
r-devel-linux-x86_64-fedora-gcc 0.1.3 87.66 NOTE
r-devel-windows-x86_64 0.1.3 6.00 123.00 129.00 NOTE
r-devel-windows-x86_64-gcc10-UCRT 0.1.3 NOTE
r-patched-linux-x86_64 0.1.3 4.33 69.57 73.90 NOTE
r-patched-solaris-x86 0.1.3 122.30 NOTE
r-release-linux-x86_64 0.1.3 3.77 68.33 72.10 NOTE
r-release-macos-arm64 0.1.3 NOTE
r-release-macos-x86_64 0.1.3 NOTE
r-release-windows-ix86+x86_64 0.1.3 6.00 127.00 133.00 NOTE
r-oldrel-macos-x86_64 0.1.3 OK
r-oldrel-windows-ix86+x86_64 0.1.3 7.00 125.00 132.00 OK

Check Details

Version: 0.1.3
Check: LazyData
Result: NOTE
     'LazyData' is specified without a 'data' directory
Flavors: r-devel-linux-x86_64-debian-clang, r-devel-linux-x86_64-debian-gcc, r-devel-linux-x86_64-fedora-clang, r-devel-linux-x86_64-fedora-gcc, r-devel-windows-x86_64, r-devel-windows-x86_64-gcc10-UCRT, r-patched-linux-x86_64, r-patched-solaris-x86, r-release-linux-x86_64, r-release-macos-arm64, r-release-macos-x86_64, r-release-windows-ix86+x86_64