CRAN Package Check Results for Package dlookr

Last updated on 2024-07-15 10:49:37 CEST.

Flavor Version Tinstall Tcheck Ttotal Status Flags
r-devel-linux-x86_64-debian-clang 0.6.3 41.29 354.33 395.62 OK
r-devel-linux-x86_64-debian-gcc 0.6.3 29.29 252.09 281.38 OK
r-devel-linux-x86_64-fedora-clang 0.6.3 490.65 OK
r-devel-linux-x86_64-fedora-gcc 0.6.3 459.25 OK
r-devel-windows-x86_64 0.6.3 36.00 297.00 333.00 NOTE
r-patched-linux-x86_64 0.6.3 36.39 335.96 372.35 OK
r-release-linux-x86_64 0.6.3 33.32 330.97 364.29 OK
r-release-macos-arm64 0.6.3 158.00 OK
r-release-macos-x86_64 0.6.3 211.00 OK
r-release-windows-x86_64 0.6.3 35.00 295.00 330.00 OK
r-oldrel-macos-arm64 0.6.3 144.00 OK
r-oldrel-macos-x86_64 0.6.3 216.00 OK
r-oldrel-windows-x86_64 0.6.3 45.00 383.00 428.00 OK

Check Details

Version: 0.6.3
Check: Rd cross-references
Result: NOTE Found the following Rd file(s) with Rd \link{} targets missing package anchors: compare_category.data.frame.Rd: tbl_df compare_numeric.data.frame.Rd: tbl_df correlate.data.frame.Rd: grouped_df describe.data.frame.Rd: tbl_df, grouped_df, group_by describe.tbl_dbi.Rd: group_by diagnose.data.frame.Rd: tbl_df, grouped_df diagnose_category.data.frame.Rd: tbl_df, grouped_df diagnose_numeric.data.frame.Rd: tbl_df, grouped_df diagnose_outlier.data.frame.Rd: tbl_df, grouped_df diagnose_paged_report.data.frame.Rd: tbl_df diagnose_report.data.frame.Rd: tbl_df diagnose_sparese.data.frame.Rd: tbl_df diagnose_web_report.data.frame.Rd: tbl_df eda_paged_report.data.frame.Rd: tbl_df eda_report.data.frame.Rd: tbl_df eda_web_report.data.frame.Rd: tbl_df find_na.Rd: tbl_df find_outliers.Rd: tbl_df find_skewness.Rd: tbl_df imputate_na.Rd: tbl_df imputate_outlier.Rd: tbl_df normality.data.frame.Rd: tbl_df, group_by normality.tbl_dbi.Rd: group_by overview.Rd: tbl_df plot_bar_category.data.frame.Rd: tbl_df, grouped_df plot_box_numeric.data.frame.Rd: tbl_df, grouped_df plot_correlate.data.frame.Rd: tbl_df plot_hist_numeric.data.frame.Rd: tbl_df, grouped_df plot_normality.data.frame.Rd: tbl_df plot_outlier.data.frame.Rd: tbl_df plot_qq_numeric.data.frame.Rd: tbl_df, grouped_df target_by.data.frame.Rd: tbl_df, grouped_df target_by.tbl_dbi.Rd: grouped_df transformation_paged_report.Rd: tbl_df transformation_report.Rd: tbl_df transformation_web_report.Rd: tbl_df univar_category.data.frame.Rd: tbl_df univar_numeric.data.frame.Rd: tbl_df Please provide package anchors for all Rd \link{} targets not in the package itself and the base packages. Flavor: r-devel-windows-x86_64