CRAN Package Check Results for Package dmbc

Last updated on 2021-09-23 10:53:20 CEST.

Flavor Version Tinstall Tcheck Ttotal Status Flags
r-devel-linux-x86_64-debian-clang 0.4.0 96.47 88.80 185.27 OK
r-devel-linux-x86_64-debian-gcc 0.4.0 68.38 66.16 134.54 OK
r-devel-linux-x86_64-fedora-clang 0.4.0 276.24 NOTE
r-devel-linux-x86_64-fedora-gcc 0.4.0 232.23 NOTE
r-devel-windows-x86_64 0.4.0 97.00 89.00 186.00 OK
r-devel-windows-x86_64-gcc10-UCRT 0.4.0 ERROR
r-patched-linux-x86_64 0.4.0 88.85 83.51 172.36 OK
r-patched-solaris-x86 0.4.0 238.90 NOTE
r-release-linux-x86_64 0.4.0 65.18 82.98 148.16 OK
r-release-macos-arm64 0.4.0 NOTE
r-release-macos-x86_64 0.4.0 NOTE
r-release-windows-ix86+x86_64 0.4.0 236.00 120.00 356.00 OK
r-oldrel-macos-x86_64 0.4.0 NOTE
r-oldrel-windows-ix86+x86_64 0.4.0 178.00 115.00 293.00 OK

Check Details

Version: 0.4.0
Check: dependencies in R code
Result: NOTE
    Namespace in Imports field not imported from: ‘ggrepel’
     All declared Imports should be used.
Flavors: r-devel-linux-x86_64-fedora-clang, r-devel-linux-x86_64-fedora-gcc, r-patched-solaris-x86, r-release-macos-arm64, r-release-macos-x86_64, r-oldrel-macos-x86_64

Version: 0.4.0
Check: whether package can be installed
Result: ERROR
    Installation failed.
Flavor: r-devel-windows-x86_64-gcc10-UCRT