CRAN Package Check Results for Package dobson

Last updated on 2024-07-15 16:56:19 CEST.

Flavor Version Tinstall Tcheck Ttotal Status Flags
r-devel-linux-x86_64-debian-clang 0.4 1.82 26.89 28.71 NOTE
r-devel-linux-x86_64-debian-gcc 0.4 1.96 20.48 22.44 NOTE
r-devel-linux-x86_64-fedora-clang 0.4 36.92 NOTE
r-devel-linux-x86_64-fedora-gcc 0.4 34.52 NOTE
r-devel-windows-x86_64 0.4 4.00 52.00 56.00 NOTE
r-patched-linux-x86_64 0.4 2.54 25.97 28.51 NOTE
r-release-linux-x86_64 0.4 2.18 25.06 27.24 NOTE
r-release-macos-arm64 0.4 18.00 NOTE
r-release-macos-x86_64 0.4 25.00 NOTE
r-release-windows-x86_64 0.4 5.00 52.00 57.00 NOTE
r-oldrel-macos-arm64 0.4 18.00 OK
r-oldrel-macos-x86_64 0.4 23.00 OK
r-oldrel-windows-x86_64 0.4 6.00 53.00 59.00 OK

Check Details

Version: 0.4
Check: Rd files
Result: NOTE checkRd: (-1) beetle.Rd:13: Lost braces; missing escapes or markup? 13 | \item{\code{x}}{dose (log base 10 CS2mgl^{-1})} | ^ Flavors: r-devel-linux-x86_64-debian-clang, r-devel-linux-x86_64-debian-gcc, r-devel-linux-x86_64-fedora-clang, r-devel-linux-x86_64-fedora-gcc, r-devel-windows-x86_64, r-patched-linux-x86_64, r-release-linux-x86_64, r-release-macos-arm64, r-release-macos-x86_64, r-release-windows-x86_64