CRAN Package Check Results for Package doc2vec

Last updated on 2021-09-16 16:50:11 CEST.

Flavor Version Tinstall Tcheck Ttotal Status Flags
r-devel-linux-x86_64-debian-clang 0.2.0 130.39 53.56 183.95 OK
r-devel-linux-x86_64-debian-gcc 0.2.0 81.24 41.12 122.36 OK
r-devel-linux-x86_64-fedora-clang 0.2.0 270.85 NOTE
r-devel-linux-x86_64-fedora-gcc 0.2.0 228.54 NOTE
r-devel-windows-x86_64 0.2.0 109.00 102.00 211.00 NOTE
r-devel-windows-x86_64-gcc10-UCRT 0.2.0 NOTE
r-patched-linux-x86_64 0.2.0 96.17 52.17 148.34 OK
r-patched-solaris-x86 0.2.0 223.80 NOTE
r-release-linux-x86_64 0.2.0 97.48 52.70 150.18 OK
r-release-macos-arm64 0.2.0 NOTE
r-release-macos-x86_64 0.2.0 NOTE
r-release-windows-ix86+x86_64 0.2.0 278.00 104.00 382.00 NOTE
r-oldrel-macos-x86_64 0.2.0 NOTE
r-oldrel-windows-ix86+x86_64 0.2.0 212.00 141.00 353.00 NOTE

Check Details

Version: 0.2.0
Check: installed package size
Result: NOTE
     installed size is 7.2Mb
     sub-directories of 1Mb or more:
     data 4.8Mb
     libs 2.2Mb
Flavors: r-devel-linux-x86_64-fedora-clang, r-devel-windows-x86_64, r-patched-solaris-x86, r-release-macos-arm64, r-release-macos-x86_64, r-release-windows-ix86+x86_64, r-oldrel-macos-x86_64, r-oldrel-windows-ix86+x86_64

Version: 0.2.0
Check: data for non-ASCII characters
Result: NOTE
     Note: found 9796 marked UTF-8 strings
Flavors: r-devel-linux-x86_64-fedora-clang, r-devel-linux-x86_64-fedora-gcc, r-devel-windows-x86_64-gcc10-UCRT, r-patched-solaris-x86, r-release-macos-arm64, r-release-macos-x86_64, r-oldrel-macos-x86_64