CRAN Package Check Results for Package docopulae

Last updated on 2021-11-27 18:50:45 CET.

Flavor Version Tinstall Tcheck Ttotal Status Flags
r-devel-linux-x86_64-debian-clang 0.4.0 NOTE
r-devel-linux-x86_64-debian-gcc 0.4.0 4.05 46.48 50.53 NOTE
r-devel-linux-x86_64-fedora-clang 0.4.0 99.48 NOTE
r-devel-linux-x86_64-fedora-gcc 0.4.0 80.26 NOTE
r-devel-windows-x86_64-new-UL 0.4.0 16.00 108.00 124.00 NOTE
r-devel-windows-x86_64-new-TK 0.4.0 NOTE
r-devel-windows-x86_64-old 0.4.0 7.00 87.00 94.00 NOTE
r-patched-linux-x86_64 0.4.0 5.48 65.02 70.50 NOTE
r-patched-solaris-x86 0.4.0 108.00 NOTE
r-release-linux-x86_64 0.4.0 NOTE
r-release-macos-arm64 0.4.0 NOTE
r-release-macos-x86_64 0.4.0 NOTE
r-release-windows-ix86+x86_64 0.4.0 12.00 91.00 103.00 NOTE
r-oldrel-macos-x86_64 0.4.0 OK
r-oldrel-windows-ix86+x86_64 0.4.0 9.00 117.00 126.00 OK

Check Details

Version: 0.4.0
Check: LazyData
Result: NOTE
     'LazyData' is specified without a 'data' directory
Flavors: r-devel-linux-x86_64-debian-clang, r-devel-linux-x86_64-debian-gcc, r-devel-linux-x86_64-fedora-clang, r-devel-linux-x86_64-fedora-gcc, r-devel-windows-x86_64-new-UL, r-devel-windows-x86_64-new-TK, r-devel-windows-x86_64-old, r-patched-linux-x86_64, r-patched-solaris-x86, r-release-linux-x86_64, r-release-macos-arm64, r-release-macos-x86_64, r-release-windows-ix86+x86_64