CRAN Package Check Results for Package docxtractr

Last updated on 2024-07-20 21:56:01 CEST.

Flavor Version Tinstall Tcheck Ttotal Status Flags
r-devel-linux-x86_64-debian-clang 0.6.5 4.69 47.39 52.08 NOTE
r-devel-linux-x86_64-debian-gcc 0.6.5 4.13 35.67 39.80 NOTE
r-devel-linux-x86_64-fedora-clang 0.6.5 64.67 NOTE
r-devel-linux-x86_64-fedora-gcc 0.6.5 61.09 NOTE
r-devel-windows-x86_64 0.6.5 8.00 57.00 65.00 NOTE
r-patched-linux-x86_64 0.6.5 3.54 44.62 48.16 NOTE
r-release-linux-x86_64 0.6.5 3.66 43.11 46.77 NOTE
r-release-macos-arm64 0.6.5 25.00 NOTE
r-release-macos-x86_64 0.6.5 33.00 NOTE
r-release-windows-x86_64 0.6.5 6.00 57.00 63.00 NOTE
r-oldrel-macos-arm64 0.6.5 27.00 NOTE
r-oldrel-macos-x86_64 0.6.5 33.00 NOTE
r-oldrel-windows-x86_64 0.6.5 8.00 62.00 70.00 NOTE

Check Details

Version: 0.6.5
Check: LazyData
Result: NOTE 'LazyData' is specified without a 'data' directory Flavors: r-devel-linux-x86_64-debian-clang, r-devel-linux-x86_64-debian-gcc, r-devel-linux-x86_64-fedora-clang, r-devel-linux-x86_64-fedora-gcc, r-devel-windows-x86_64, r-patched-linux-x86_64, r-release-linux-x86_64, r-release-macos-arm64, r-release-macos-x86_64, r-release-windows-x86_64, r-oldrel-macos-arm64, r-oldrel-macos-x86_64, r-oldrel-windows-x86_64