CRAN Package Check Results for Package dosearch

Last updated on 2021-09-21 04:55:03 CEST.

Flavor Version Tinstall Tcheck Ttotal Status Flags
r-devel-linux-x86_64-debian-clang 1.0.8 65.49 35.61 101.10 OK
r-devel-linux-x86_64-debian-gcc 1.0.8 39.59 27.46 67.05 OK
r-devel-linux-x86_64-fedora-clang 1.0.8 156.95 OK
r-devel-linux-x86_64-fedora-gcc 1.0.8 122.34 OK
r-devel-windows-x86_64 1.0.8 59.00 53.00 112.00 OK
r-devel-windows-x86_64-gcc10-UCRT 1.0.8 ERROR
r-patched-linux-x86_64 1.0.8 49.05 34.45 83.50 OK
r-patched-solaris-x86 1.0.8 119.80 OK
r-release-linux-x86_64 1.0.8 47.50 34.38 81.88 OK
r-release-macos-arm64 1.0.8 OK
r-release-macos-x86_64 1.0.8 OK
r-release-windows-ix86+x86_64 1.0.8 145.00 66.00 211.00 OK
r-oldrel-macos-x86_64 1.0.8 OK
r-oldrel-windows-ix86+x86_64 1.0.8 139.00 69.00 208.00 OK

Check Details

Version: 1.0.8
Check: whether package can be installed
Result: ERROR
    Installation failed.
Flavor: r-devel-windows-x86_64-gcc10-UCRT