CRAN Package Check Results for Package dotCall64

Last updated on 2021-10-28 13:58:08 CEST.

Flavor Version Tinstall Tcheck Ttotal Status Flags
r-devel-linux-x86_64-debian-clang 1.0-1 3.46 21.91 25.37 NOTE
r-devel-linux-x86_64-debian-gcc 1.0-1 2.36 17.24 19.60 NOTE
r-devel-linux-x86_64-fedora-clang 1.0-1 42.51 NOTE
r-devel-linux-x86_64-fedora-gcc 1.0-1 30.15 NOTE
r-devel-windows-x86_64 1.0-1 9.00 43.00 52.00 OK
r-devel-windows-x86_64-gcc10-UCRT 1.0-1 NOTE
r-patched-linux-x86_64 1.0-1 3.12 20.82 23.94 NOTE
r-patched-solaris-x86 1.0-1 43.70 NOTE
r-release-linux-x86_64 1.0-1 2.90 20.72 23.62 NOTE
r-release-macos-arm64 1.0-1 OK
r-release-macos-x86_64 1.0-1 OK
r-release-windows-ix86+x86_64 1.0-1 11.00 47.00 58.00 OK
r-oldrel-macos-x86_64 1.0-1 OK
r-oldrel-windows-ix86+x86_64 1.0-1 11.00 48.00 59.00 OK

Check Details

Version: 1.0-1
Check: package dependencies
Result: NOTE
    Package suggested but not available for checking: 'OpenMPController'
Flavors: r-devel-linux-x86_64-debian-clang, r-devel-linux-x86_64-debian-gcc, r-devel-linux-x86_64-fedora-clang, r-devel-linux-x86_64-fedora-gcc, r-devel-windows-x86_64-gcc10-UCRT, r-patched-linux-x86_64, r-patched-solaris-x86, r-release-linux-x86_64