CRAN Package Check Results for Package downloadthis

Last updated on 2021-10-15 22:54:13 CEST.

Flavor Version Tinstall Tcheck Ttotal Status Flags
r-devel-linux-x86_64-debian-clang 0.2.1 2.34 36.66 39.00 NOTE
r-devel-linux-x86_64-debian-gcc 0.2.1 2.33 28.76 31.09 NOTE
r-devel-linux-x86_64-fedora-clang 0.2.1 58.49 NOTE
r-devel-linux-x86_64-fedora-gcc 0.2.1 48.76 NOTE
r-devel-windows-x86_64 0.2.1 5.00 48.00 53.00 NOTE
r-devel-windows-x86_64-gcc10-UCRT 0.2.1 NOTE
r-patched-linux-x86_64 0.2.1 2.43 38.12 40.55 NOTE
r-patched-solaris-x86 0.2.1 62.10 NOTE
r-release-linux-x86_64 0.2.1 2.03 38.78 40.81 NOTE
r-release-macos-arm64 0.2.1 NOTE
r-release-macos-x86_64 0.2.1 NOTE
r-release-windows-ix86+x86_64 0.2.1 7.00 61.00 68.00 NOTE
r-oldrel-macos-x86_64 0.2.1 NOTE
r-oldrel-windows-ix86+x86_64 0.2.1 7.00 59.00 66.00 NOTE

Check Details

Version: 0.2.1
Check: LazyData
Result: NOTE
     'LazyData' is specified without a 'data' directory
Flavors: r-devel-linux-x86_64-debian-clang, r-devel-linux-x86_64-debian-gcc, r-devel-linux-x86_64-fedora-clang, r-devel-linux-x86_64-fedora-gcc, r-devel-windows-x86_64, r-devel-windows-x86_64-gcc10-UCRT, r-patched-linux-x86_64, r-patched-solaris-x86, r-release-linux-x86_64, r-release-macos-arm64, r-release-macos-x86_64, r-release-windows-ix86+x86_64

Version: 0.2.1
Check: installed package size
Result: NOTE
     installed size is 5.2Mb
     sub-directories of 1Mb or more:
     assets 2.9Mb
     doc 2.1Mb
Flavors: r-devel-linux-x86_64-fedora-clang, r-devel-windows-x86_64, r-patched-solaris-x86, r-release-macos-arm64, r-release-macos-x86_64, r-release-windows-ix86+x86_64, r-oldrel-macos-x86_64, r-oldrel-windows-ix86+x86_64