CRAN Package Check Results for Package dqrng

Last updated on 2021-09-19 16:48:52 CEST.

Flavor Version Tinstall Tcheck Ttotal Status Flags
r-devel-linux-x86_64-debian-clang 0.3.0 28.06 129.74 157.80 OK
r-devel-linux-x86_64-debian-gcc 0.3.0 19.00 106.13 125.13 OK
r-devel-linux-x86_64-fedora-clang 0.3.0 227.67 NOTE
r-devel-linux-x86_64-fedora-gcc 0.3.0 184.95 OK
r-devel-windows-x86_64 0.3.0 28.00 179.00 207.00 OK
r-devel-windows-x86_64-gcc10-UCRT 0.3.0 ERROR
r-patched-linux-x86_64 0.3.0 22.64 125.47 148.11 OK
r-patched-solaris-x86 0.3.0 144.40 OK
r-release-linux-x86_64 0.3.0 24.09 122.66 146.75 OK
r-release-macos-arm64 0.3.0 OK
r-release-macos-x86_64 0.3.0 OK
r-release-windows-ix86+x86_64 0.3.0 74.00 183.00 257.00 OK
r-oldrel-macos-x86_64 0.3.0 OK
r-oldrel-windows-ix86+x86_64 0.3.0 69.00 228.00 297.00 OK

Check Details

Version: 0.3.0
Check: Rd cross-references
Result: NOTE
    Undeclared package ‘sitmo’ in Rd xrefs
Flavor: r-devel-linux-x86_64-fedora-clang

Version: 0.3.0
Check: whether package can be installed
Result: ERROR
    Installation failed.
Flavor: r-devel-windows-x86_64-gcc10-UCRT