CRAN Package Check Results for Package dr

Last updated on 2021-09-23 10:53:20 CEST.

Flavor Version Tinstall Tcheck Ttotal Status Flags
r-devel-linux-x86_64-debian-clang 3.0.10 5.38 65.90 71.28 OK
r-devel-linux-x86_64-debian-gcc 3.0.10 4.17 48.34 52.51 OK
r-devel-linux-x86_64-fedora-clang 3.0.10 94.39 OK
r-devel-linux-x86_64-fedora-gcc 3.0.10 82.70 OK
r-devel-windows-x86_64 3.0.10 7.00 65.00 72.00 OK
r-devel-windows-x86_64-gcc10-UCRT 3.0.10 ERROR
r-patched-linux-x86_64 3.0.10 4.69 62.63 67.32 OK
r-patched-solaris-x86 3.0.10 106.70 OK
r-release-linux-x86_64 3.0.10 5.06 62.76 67.82 OK
r-release-macos-arm64 3.0.10 OK
r-release-macos-x86_64 3.0.10 OK
r-release-windows-ix86+x86_64 3.0.10 10.00 66.00 76.00 OK
r-oldrel-macos-x86_64 3.0.10 FAIL
r-oldrel-windows-ix86+x86_64 3.0.10 28.00 58.00 86.00 OK

Check Details

Version: 3.0.10
Check: PDF version of manual
Result: WARN
    LaTeX errors when creating PDF version.
    This typically indicates Rd problems.
Flavor: r-devel-windows-x86_64-gcc10-UCRT

Version: 3.0.10
Check: PDF version of manual without hyperrefs or index
Result: ERROR
    Re-running with no redirection of stdout/stderr.
Flavor: r-devel-windows-x86_64-gcc10-UCRT

Version: 3.0.10
Check: PDF version of manual
Result: FAIL
Flavor: r-oldrel-macos-x86_64