CRAN Package Check Results for Package dragracer

Last updated on 2021-09-28 01:49:21 CEST.

Flavor Version Tinstall Tcheck Ttotal Status Flags
r-devel-linux-x86_64-debian-clang 0.1.6 1.63 25.28 26.91 OK
r-devel-linux-x86_64-debian-gcc 0.1.6 1.45 20.41 21.86 OK
r-devel-linux-x86_64-fedora-clang 0.1.6 42.44 NOTE
r-devel-linux-x86_64-fedora-gcc 0.1.6 32.12 NOTE
r-devel-windows-x86_64 0.1.6 4.00 37.00 41.00 OK
r-devel-windows-x86_64-gcc10-UCRT 0.1.6 NOTE
r-patched-linux-x86_64 0.1.6 1.98 24.45 26.43 OK
r-patched-solaris-x86 0.1.6 50.30 NOTE
r-release-linux-x86_64 0.1.6 1.88 24.27 26.15 OK
r-release-macos-arm64 0.1.6 NOTE
r-release-macos-x86_64 0.1.6 NOTE
r-release-windows-ix86+x86_64 0.1.6 5.00 34.00 39.00 OK
r-oldrel-macos-x86_64 0.1.6 NOTE
r-oldrel-windows-ix86+x86_64 0.1.6 14.00 32.00 46.00 OK

Check Details

Version: 0.1.6
Check: data for non-ASCII characters
Result: NOTE
     Note: found 100 marked UTF-8 strings
Flavors: r-devel-linux-x86_64-fedora-clang, r-devel-linux-x86_64-fedora-gcc, r-devel-windows-x86_64-gcc10-UCRT, r-patched-solaris-x86, r-release-macos-arm64, r-release-macos-x86_64, r-oldrel-macos-x86_64