CRAN Package Check Results for Package dsmisc

Last updated on 2024-07-23 04:57:36 CEST.

Flavor Version Tinstall Tcheck Ttotal Status Flags
r-devel-linux-x86_64-debian-clang 0.3.3 15.23 31.88 47.11 NOTE
r-devel-linux-x86_64-debian-gcc 0.3.3 9.40 23.62 33.02 NOTE
r-devel-linux-x86_64-fedora-clang 0.3.3 71.20 NOTE
r-devel-linux-x86_64-fedora-gcc 0.3.3 57.40 NOTE
r-devel-windows-x86_64 0.3.3 17.00 61.00 78.00 NOTE
r-patched-linux-x86_64 0.3.3 16.15 29.72 45.87 NOTE
r-release-linux-x86_64 0.3.3 10.89 29.10 39.99 NOTE
r-release-macos-arm64 0.3.3 23.00 NOTE
r-release-macos-x86_64 0.3.3 31.00 NOTE
r-release-windows-x86_64 0.3.3 17.00 63.00 80.00 NOTE
r-oldrel-macos-arm64 0.3.3 26.00 NOTE
r-oldrel-macos-x86_64 0.3.3 37.00 NOTE
r-oldrel-windows-x86_64 0.3.3 16.00 71.00 87.00 NOTE

Check Details

Version: 0.3.3
Check: C++ specification
Result: NOTE Specified C++11: please drop specification unless essential Flavors: r-devel-linux-x86_64-debian-clang, r-devel-linux-x86_64-debian-gcc, r-devel-linux-x86_64-fedora-clang, r-devel-linux-x86_64-fedora-gcc, r-devel-windows-x86_64, r-patched-linux-x86_64, r-release-linux-x86_64, r-release-macos-arm64, r-release-macos-x86_64, r-release-windows-x86_64, r-oldrel-macos-arm64, r-oldrel-macos-x86_64, r-oldrel-windows-x86_64