CRAN Package Check Results for Package dtree

Last updated on 2021-11-27 18:50:45 CET.

Flavor Version Tinstall Tcheck Ttotal Status Flags
r-devel-linux-x86_64-debian-clang 0.4.2 NOTE
r-devel-linux-x86_64-debian-gcc 0.4.2 12.43 101.99 114.42 NOTE
r-devel-linux-x86_64-fedora-clang 0.4.2 197.25 NOTE
r-devel-linux-x86_64-fedora-gcc 0.4.2 177.67 NOTE
r-devel-windows-x86_64-new-UL 0.4.2 29.00 181.00 210.00 NOTE
r-devel-windows-x86_64-new-TK 0.4.2 NOTE
r-devel-windows-x86_64-old 0.4.2 23.00 163.00 186.00 NOTE
r-patched-linux-x86_64 0.4.2 15.95 127.55 143.50 NOTE
r-patched-solaris-x86 0.4.2 251.60 NOTE
r-release-linux-x86_64 0.4.2 NOTE
r-release-macos-arm64 0.4.2 NOTE
r-release-macos-x86_64 0.4.2 NOTE
r-release-windows-ix86+x86_64 0.4.2 39.00 121.00 160.00 NOTE
r-oldrel-macos-x86_64 0.4.2 OK
r-oldrel-windows-ix86+x86_64 0.4.2 40.00 156.00 196.00 OK

Check Details

Version: 0.4.2
Check: LazyData
Result: NOTE
     'LazyData' is specified without a 'data' directory
Flavors: r-devel-linux-x86_64-debian-clang, r-devel-linux-x86_64-debian-gcc, r-devel-linux-x86_64-fedora-clang, r-devel-linux-x86_64-fedora-gcc, r-devel-windows-x86_64-new-UL, r-devel-windows-x86_64-new-TK, r-devel-windows-x86_64-old, r-patched-linux-x86_64, r-patched-solaris-x86, r-release-linux-x86_64, r-release-macos-arm64, r-release-macos-x86_64, r-release-windows-ix86+x86_64