CRAN Package Check Results for Package dtwclust

Last updated on 2021-09-27 04:54:54 CEST.

Flavor Version Tinstall Tcheck Ttotal Status Flags
r-devel-linux-x86_64-debian-clang 5.5.6 184.79 382.00 566.79 NOTE
r-devel-linux-x86_64-debian-gcc 5.5.6 119.92 272.32 392.24 NOTE
r-devel-linux-x86_64-fedora-clang 5.5.6 708.68 NOTE
r-devel-linux-x86_64-fedora-gcc 5.5.6 683.39 NOTE
r-devel-windows-x86_64 5.5.6 165.00 296.00 461.00 NOTE
r-devel-windows-x86_64-gcc10-UCRT 5.5.6 NOTE
r-patched-linux-x86_64 5.5.6 150.13 368.07 518.20 NOTE
r-patched-solaris-x86 5.5.6 1015.70 NOTE
r-release-linux-x86_64 5.5.6 133.46 369.54 503.00 NOTE
r-release-macos-arm64 5.5.6 NOTE
r-release-macos-x86_64 5.5.6 NOTE
r-release-windows-ix86+x86_64 5.5.6 417.00 465.00 882.00 NOTE
r-oldrel-macos-x86_64 5.5.6 NOTE
r-oldrel-windows-ix86+x86_64 5.5.6 308.00 438.00 746.00 NOTE

Check Details

Version: 5.5.6
Check: for GNU extensions in Makefiles
Result: NOTE
    GNU make is a SystemRequirements.
Flavors: r-devel-linux-x86_64-debian-clang, r-devel-linux-x86_64-debian-gcc, r-devel-linux-x86_64-fedora-clang, r-devel-linux-x86_64-fedora-gcc, r-devel-windows-x86_64, r-devel-windows-x86_64-gcc10-UCRT, r-patched-linux-x86_64, r-patched-solaris-x86, r-release-linux-x86_64, r-release-macos-arm64, r-release-macos-x86_64, r-release-windows-ix86+x86_64, r-oldrel-macos-x86_64, r-oldrel-windows-ix86+x86_64

Version: 5.5.6
Check: installed package size
Result: NOTE
     installed size is 8.8Mb
     sub-directories of 1Mb or more:
     doc 2.6Mb
     libs 5.0Mb
Flavors: r-devel-linux-x86_64-fedora-clang, r-devel-windows-x86_64, r-release-macos-arm64, r-release-macos-x86_64, r-release-windows-ix86+x86_64, r-oldrel-macos-x86_64, r-oldrel-windows-ix86+x86_64