CRAN Package Check Results for Package duckdb

Last updated on 2024-06-15 22:20:40 CEST.

Flavor Version Tinstall Tcheck Ttotal Status Flags
r-devel-linux-x86_64-debian-clang 1.0.0 3635.54 98.16 3733.70 OK
r-devel-linux-x86_64-debian-gcc 1.0.0 2921.20 73.07 2994.27 NOTE
r-devel-linux-x86_64-fedora-clang 1.0.0 4797.37 NOTE
r-devel-linux-x86_64-fedora-gcc 1.0.0 6442.68 NOTE
r-devel-windows-x86_64 0.10.2 1870.00 380.00 2250.00 NOTE
r-patched-linux-x86_64 0.10.2 3404.25 93.12 3497.37 WARN
r-release-linux-x86_64 0.10.2 3424.65 91.80 3516.45 WARN
r-release-macos-arm64 1.0.0 1255.00 NOTE
r-release-macos-x86_64 1.0.0 889.00 NOTE
r-release-windows-x86_64 1.0.0 1697.00 402.00 2099.00 NOTE
r-oldrel-macos-arm64 1.0.0 1289.00 NOTE
r-oldrel-macos-x86_64 1.0.0 908.00 NOTE
r-oldrel-windows-x86_64 1.0.0 2019.00 440.00 2459.00 NOTE

Additional issues

gcc12

Check Details

Version: 1.0.0
Check: compiled code
Result: NOTE File ‘duckdb/libs/duckdb.so’: Found non-API call to R: ‘SYMVALUE’ Compiled code should not call non-API entry points in R. See ‘Writing portable packages’ in the ‘Writing R Extensions’ manual. Flavors: r-devel-linux-x86_64-debian-gcc, r-devel-linux-x86_64-fedora-clang, r-devel-linux-x86_64-fedora-gcc

Version: 1.0.0
Check: installed package size
Result: NOTE installed size is 45.7Mb sub-directories of 1Mb or more: libs 45.0Mb Flavors: r-devel-linux-x86_64-fedora-clang, r-release-macos-arm64, r-release-macos-x86_64, r-release-windows-x86_64, r-oldrel-macos-arm64, r-oldrel-macos-x86_64, r-oldrel-windows-x86_64

Version: 0.10.2
Check: installed package size
Result: NOTE installed size is 27.4Mb sub-directories of 1Mb or more: libs 26.8Mb Flavor: r-devel-windows-x86_64

Version: 0.10.2
Check: whether package can be installed
Result: WARN Found the following significant warnings: duckdb/third_party/re2/re2/prog.h:153:14: warning: ISO C++ prohibits anonymous structs [-Wpedantic] duckdb/third_party/re2/re2/prog.h:431:12: warning: ISO C++ prohibits anonymous structs [-Wpedantic] duckdb/third_party/re2/re2/dfa.cc:124:25: warning: ISO C++ forbids flexible array member ‘next_’ [-Wpedantic] duckdb/third_party/re2/re2/onepass.cc:146:12: warning: ISO C++ forbids flexible array member ‘action’ [-Wpedantic] See ‘/home/hornik/tmp/R.check/r-patched-gcc/Work/PKGS/duckdb.Rcheck/00install.out’ for details. * used C++ compiler: ‘g++-13 (Debian 13.2.0-25) 13.2.0’ Flavor: r-patched-linux-x86_64

Version: 0.10.2
Check: whether package can be installed
Result: WARN Found the following significant warnings: duckdb/third_party/re2/re2/prog.h:153:14: warning: ISO C++ prohibits anonymous structs [-Wpedantic] duckdb/third_party/re2/re2/prog.h:431:12: warning: ISO C++ prohibits anonymous structs [-Wpedantic] duckdb/third_party/re2/re2/dfa.cc:124:25: warning: ISO C++ forbids flexible array member ‘next_’ [-Wpedantic] duckdb/third_party/re2/re2/onepass.cc:146:12: warning: ISO C++ forbids flexible array member ‘action’ [-Wpedantic] See ‘/home/hornik/tmp/R.check/r-release-gcc/Work/PKGS/duckdb.Rcheck/00install.out’ for details. * used C++ compiler: ‘g++-13 (Debian 13.2.0-25) 13.2.0’ Flavor: r-release-linux-x86_64