CRAN Package Check Results for Package dyngen

Last updated on 2021-09-27 04:54:54 CEST.

Flavor Version Tinstall Tcheck Ttotal Status Flags
r-devel-linux-x86_64-debian-clang 1.0.3 24.07 239.26 263.33 OK
r-devel-linux-x86_64-debian-gcc 1.0.3 17.47 170.63 188.10 OK
r-devel-linux-x86_64-fedora-clang 1.0.3 318.62 OK
r-devel-linux-x86_64-fedora-gcc 1.0.3 273.80 OK
r-devel-windows-x86_64 1.0.3 34.00 299.00 333.00 OK
r-devel-windows-x86_64-gcc10-UCRT 1.0.3 OK
r-patched-linux-x86_64 1.0.3 19.91 219.10 239.01 OK
r-patched-solaris-x86 1.0.3 385.50 OK
r-release-linux-x86_64 1.0.3 18.22 223.85 242.07 OK
r-release-macos-arm64 1.0.2 NOTE
r-release-macos-x86_64 1.0.3 ERROR
r-release-windows-ix86+x86_64 1.0.3 44.00 272.00 316.00 OK
r-oldrel-macos-x86_64 1.0.3 ERROR
r-oldrel-windows-ix86+x86_64 1.0.3 38.00 251.00 289.00 OK

Check Details

Version: 1.0.2
Check: package dependencies
Result: NOTE
    Packages suggested but not available for checking:
     'SingleCellExperiment', 'SummarizedExperiment'
Flavor: r-release-macos-arm64

Version: 1.0.3
Check: tests
Result: ERROR
     Running ‘testthat.R’ [12s/16s]
    Running the tests in ‘tests/testthat.R’ failed.
    Last 13 lines of output:
     23: source_file(path, child_env(env), wrap = wrap)
     24: FUN(X[[i]], ...)
     25: lapply(test_paths, test_one_file, env = env, wrap = wrap)
     26: force(code)
     27: doWithOneRestart(return(expr), restart)
     28: withOneRestart(expr, restarts[[1L]])
     29: withRestarts(testthat_abort_reporter = function() NULL, force(code))
     30: with_reporter(reporters$multi, lapply(test_paths, test_one_file, env = env, wrap = wrap))
     31: test_files(test_dir = test_dir, test_package = test_package, test_paths = test_paths, load_helpers = load_helpers, reporter = reporter, env = env, stop_on_failure = stop_on_failure, stop_on_warning = stop_on_warning, wrap = wrap, load_package = load_package)
     32: test_files(test_dir = path, test_paths = test_paths, test_package = package, reporter = reporter, load_helpers = load_helpers, env = env, stop_on_failure = stop_on_failure, stop_on_warning = stop_on_warning, wrap = wrap, load_package = load_package, parallel = parallel)
     33: test_dir("testthat", package = package, reporter = reporter, ..., load_package = "installed")
     34: test_check("dyngen")
     An irrecoverable exception occurred. R is aborting now ...
     R(87125,0x7fffaf4e7380) malloc: *** error for object 0x7f9ad3f62858: incorrect checksum for freed object - object was probably modified after being freed.
     *** set a breakpoint in malloc_error_break to debug
Flavor: r-release-macos-x86_64

Version: 1.0.3
Check: tests
Result: ERROR
     Running ‘testthat.R’ [13s/16s]
    Running the tests in ‘tests/testthat.R’ failed.
    Last 13 lines of output:
     22: tryCatch(withCallingHandlers({ eval(code, test_env) if (!handled && !is.null(test)) { skip_empty() }}, expectation = handle_expectation, skip = handle_skip, warning = handle_warning, message = handle_message, error = handle_error), error = handle_fatal, skip = function(e) { })
     23: test_code(NULL, exprs, env)
     24: source_file(path, child_env(env), wrap = wrap)
     25: FUN(X[[i]], ...)
     26: lapply(test_paths, test_one_file, env = env, wrap = wrap)
     27: force(code)
     28: doWithOneRestart(return(expr), restart)
     29: withOneRestart(expr, restarts[[1L]])
     30: withRestarts(testthat_abort_reporter = function() NULL, force(code))
     31: with_reporter(reporters$multi, lapply(test_paths, test_one_file, env = env, wrap = wrap))
     32: test_files(test_dir = test_dir, test_package = test_package, test_paths = test_paths, load_helpers = load_helpers, reporter = reporter, env = env, stop_on_failure = stop_on_failure, stop_on_warning = stop_on_warning, wrap = wrap, load_package = load_package)
     33: test_files(test_dir = path, test_paths = test_paths, test_package = package, reporter = reporter, load_helpers = load_helpers, env = env, stop_on_failure = stop_on_failure, stop_on_warning = stop_on_warning, wrap = wrap, load_package = load_package, parallel = parallel)
     34: test_dir("testthat", package = package, reporter = reporter, ..., load_package = "installed")
     35: test_check("dyngen")
     An irrecoverable exception occurred. R is aborting now ...
Flavor: r-oldrel-macos-x86_64