CRAN Package Check Results for Package earthtide

Last updated on 2021-09-19 07:50:15 CEST.

Flavor Version Tinstall Tcheck Ttotal Status Flags
r-devel-linux-x86_64-debian-clang 0.0.11 52.57 95.49 148.06 OK
r-devel-linux-x86_64-debian-gcc 0.0.11 39.09 74.64 113.73 OK
r-devel-linux-x86_64-fedora-clang 0.0.11 217.15 OK
r-devel-linux-x86_64-fedora-gcc 0.0.11 198.96 OK
r-devel-windows-x86_64 0.0.11 49.00 108.00 157.00 OK
r-devel-windows-x86_64-gcc10-UCRT 0.0.11 ERROR
r-patched-linux-x86_64 0.0.11 44.15 95.38 139.53 OK
r-patched-solaris-x86 0.0.11 676.10 OK
r-release-linux-x86_64 0.0.11 42.82 95.30 138.12 OK
r-release-macos-arm64 0.0.11 NOTE
r-release-macos-x86_64 0.0.11 NOTE
r-release-windows-ix86+x86_64 0.0.11 118.00 127.00 245.00 OK
r-oldrel-macos-x86_64 0.0.11 NOTE
r-oldrel-windows-ix86+x86_64 0.0.11 115.00 192.00 307.00 OK

Check Details

Version: 0.0.11
Check: whether package can be installed
Result: ERROR
    Installation failed.
Flavor: r-devel-windows-x86_64-gcc10-UCRT

Version: 0.0.11
Check: installed package size
Result: NOTE
     installed size is 7.3Mb
     sub-directories of 1Mb or more:
     R 2.1Mb
     libs 4.8Mb
Flavors: r-release-macos-arm64, r-release-macos-x86_64, r-oldrel-macos-x86_64