CRAN Package Check Results for Package easypower

Last updated on 2021-11-27 03:57:56 CET.

Flavor Version Tinstall Tcheck Ttotal Status Flags
r-devel-linux-x86_64-debian-clang 1.0.1 2.30 23.09 25.39 NOTE
r-devel-linux-x86_64-debian-gcc 1.0.1 1.57 18.42 19.99 NOTE
r-devel-linux-x86_64-fedora-clang 1.0.1 42.44 NOTE
r-devel-linux-x86_64-fedora-gcc 1.0.1 31.49 NOTE
r-devel-windows-x86_64-new-UL 1.0.1 6.00 62.00 68.00 NOTE
r-devel-windows-x86_64-new-TK 1.0.1 NOTE
r-devel-windows-x86_64-old 1.0.1 5.00 38.00 43.00 NOTE
r-patched-linux-x86_64 1.0.1 2.24 20.94 23.18 NOTE
r-patched-solaris-x86 1.0.1 49.90 NOTE
r-release-linux-x86_64 1.0.1 NOTE
r-release-macos-arm64 1.0.1 NOTE
r-release-macos-x86_64 1.0.1 NOTE
r-release-windows-ix86+x86_64 1.0.1 5.00 32.00 37.00 NOTE
r-oldrel-macos-x86_64 1.0.1 OK
r-oldrel-windows-ix86+x86_64 1.0.1 4.00 37.00 41.00 OK

Check Details

Version: 1.0.1
Check: LazyData
Result: NOTE
     'LazyData' is specified without a 'data' directory
Flavors: r-devel-linux-x86_64-debian-clang, r-devel-linux-x86_64-debian-gcc, r-devel-linux-x86_64-fedora-clang, r-devel-linux-x86_64-fedora-gcc, r-devel-windows-x86_64-new-UL, r-devel-windows-x86_64-new-TK, r-devel-windows-x86_64-old, r-patched-linux-x86_64, r-patched-solaris-x86, r-release-linux-x86_64, r-release-macos-arm64, r-release-macos-x86_64, r-release-windows-ix86+x86_64