CRAN Package Check Results for Package eatDB

Last updated on 2021-10-19 07:49:34 CEST.

Flavor Version Tinstall Tcheck Ttotal Status Flags
r-devel-linux-x86_64-debian-clang 0.5.0 2.47 26.62 29.09 OK
r-devel-linux-x86_64-debian-gcc 0.5.0 1.81 20.70 22.51 OK
r-devel-linux-x86_64-fedora-clang 0.5.0 45.49 NOTE
r-devel-linux-x86_64-fedora-gcc 0.5.0 35.37 NOTE
r-devel-windows-x86_64 0.5.0 4.00 46.00 50.00 OK
r-devel-windows-x86_64-gcc10-UCRT 0.5.0 NOTE
r-patched-linux-x86_64 0.5.0 2.57 25.28 27.85 OK
r-patched-solaris-x86 0.5.0 56.00 NOTE
r-release-linux-x86_64 0.5.0 2.44 26.05 28.49 OK
r-release-macos-arm64 0.5.0 NOTE
r-release-macos-x86_64 0.5.0 NOTE
r-release-windows-ix86+x86_64 0.5.0 4.00 68.00 72.00 OK
r-oldrel-macos-x86_64 0.5.0 NOTE
r-oldrel-windows-ix86+x86_64 0.5.0 4.00 32.00 36.00 OK

Check Details

Version: 0.5.0
Check: dependencies in R code
Result: NOTE
    Namespace in Imports field not imported from: ‘RSQLite’
     All declared Imports should be used.
Flavors: r-devel-linux-x86_64-fedora-clang, r-devel-linux-x86_64-fedora-gcc, r-devel-windows-x86_64-gcc10-UCRT, r-patched-solaris-x86, r-release-macos-arm64, r-release-macos-x86_64, r-oldrel-macos-x86_64