CRAN Package Check Results for Package ebirdst

Last updated on 2021-09-19 16:48:53 CEST.

Flavor Version Tinstall Tcheck Ttotal Status Flags
r-devel-linux-x86_64-debian-clang 0.3.2 7.68 60.12 67.80 OK
r-devel-linux-x86_64-debian-gcc 0.3.2 6.18 47.77 53.95 OK
r-devel-linux-x86_64-fedora-clang 0.3.2 91.15 NOTE
r-devel-linux-x86_64-fedora-gcc 0.3.2 83.23 NOTE
r-devel-windows-x86_64 0.3.2 8.00 69.00 77.00 OK
r-devel-windows-x86_64-gcc10-UCRT 0.3.2 ERROR
r-patched-linux-x86_64 0.3.2 12.27 60.86 73.13 OK
r-patched-solaris-x86 0.3.2 115.80 NOTE
r-release-linux-x86_64 0.3.2 5.30 60.18 65.48 OK
r-release-macos-arm64 0.3.2 NOTE
r-release-macos-x86_64 0.3.2 NOTE
r-release-windows-ix86+x86_64 0.3.2 12.00 78.00 90.00 OK
r-oldrel-macos-x86_64 0.3.2 NOTE

Check Details

Version: 0.3.2
Check: dependencies in R code
Result: NOTE
    Namespaces in Imports field not imported from:
     ‘methods’ ‘rappdirs’ ‘rgdal’ ‘tools’
     All declared Imports should be used.
Flavors: r-devel-linux-x86_64-fedora-clang, r-devel-linux-x86_64-fedora-gcc, r-devel-windows-x86_64-gcc10-UCRT, r-patched-solaris-x86, r-release-macos-arm64, r-release-macos-x86_64, r-oldrel-macos-x86_64

Version: 0.3.2
Check: whether package can be installed
Result: WARN
    Found the following significant warnings:
     WARNING: installation-time patches will not be applied, could not get the patches index
Flavor: r-devel-windows-x86_64-gcc10-UCRT

Version: 0.3.2
Check: PDF version of manual
Result: WARN
    LaTeX errors when creating PDF version.
    This typically indicates Rd problems.
Flavor: r-devel-windows-x86_64-gcc10-UCRT

Version: 0.3.2
Check: PDF version of manual without hyperrefs or index
Result: ERROR
    Re-running with no redirection of stdout/stderr.
Flavor: r-devel-windows-x86_64-gcc10-UCRT