CRAN Package Check Results for Package ebmstate

Last updated on 2021-09-22 01:48:39 CEST.

Flavor Version Tinstall Tcheck Ttotal Status Flags
r-devel-linux-x86_64-debian-clang 0.1.2 37.52 91.31 128.83 OK
r-devel-linux-x86_64-debian-gcc 0.1.2 22.25 67.16 89.41 OK
r-devel-linux-x86_64-fedora-clang 0.1.2 164.15 OK
r-devel-linux-x86_64-fedora-gcc 0.1.2 143.87 OK
r-devel-windows-x86_64 0.1.2 35.00 84.00 119.00 OK
r-devel-windows-x86_64-gcc10-UCRT 0.1.2 ERROR
r-patched-linux-x86_64 0.1.2 33.71 84.08 117.79 OK
r-patched-solaris-x86 0.1.2 182.20 OK
r-release-linux-x86_64 0.1.2 22.41 83.95 106.36 OK
r-release-macos-arm64 0.1.2 OK
r-release-macos-x86_64 0.1.2 OK
r-release-windows-ix86+x86_64 0.1.2 77.00 108.00 185.00 OK
r-oldrel-macos-x86_64 0.1.2 OK
r-oldrel-windows-ix86+x86_64 0.1.2 81.00 108.00 189.00 OK

Check Details

Version: 0.1.2
Check: whether package can be installed
Result: ERROR
    Installation failed.
Flavor: r-devel-windows-x86_64-gcc10-UCRT