CRAN Package Check Results for Package echarts4r

Last updated on 2024-05-27 22:56:05 CEST.

Flavor Version Tinstall Tcheck Ttotal Status Flags
r-devel-linux-x86_64-debian-clang 0.4.5 16.59 152.38 168.97 NOTE
r-devel-linux-x86_64-debian-gcc 0.4.5 12.87 109.29 122.16 NOTE
r-devel-linux-x86_64-fedora-clang 0.4.5 207.77 NOTE
r-devel-linux-x86_64-fedora-gcc 0.4.5 188.97 NOTE
r-devel-windows-x86_64 0.4.5 15.00 152.00 167.00 NOTE
r-patched-linux-x86_64 0.4.5 26.46 141.72 168.18 NOTE
r-release-linux-x86_64 0.4.5 13.54 144.19 157.73 NOTE
r-release-macos-arm64 0.4.5 58.00 NOTE
r-release-windows-x86_64 0.4.5 16.00 150.00 166.00 NOTE
r-oldrel-macos-arm64 0.4.5 52.00 OK
r-oldrel-macos-x86_64 0.4.5 168.00 OK
r-oldrel-windows-x86_64 0.4.5 20.00 189.00 209.00 OK

Check Details

Version: 0.4.5
Check: Rd files
Result: NOTE checkRd: (-1) e_pictorial.Rd:57-58: Lost braces in \itemize; meant \describe ? checkRd: (-1) e_pictorial.Rd:60: Lost braces in \itemize; meant \describe ? checkRd: (-1) nesting.Rd:48: Lost braces 48 | `{itemStyle: {color: 'red', fontBold: 'bold'}}`. | ^ checkRd: (-1) nesting.Rd:48: Lost braces; missing escapes or markup? 48 | `{itemStyle: {color: 'red', fontBold: 'bold'}}`. | ^ checkRd: (-1) nesting.Rd:51: Lost braces; missing escapes or markup? 51 | `{symbolSize: 4}`. | ^ Flavors: r-devel-linux-x86_64-debian-clang, r-devel-linux-x86_64-debian-gcc, r-devel-linux-x86_64-fedora-clang, r-devel-linux-x86_64-fedora-gcc, r-devel-windows-x86_64, r-patched-linux-x86_64, r-release-linux-x86_64, r-release-macos-arm64, r-release-windows-x86_64