CRAN Package Check Results for Package edbuildr

Last updated on 2021-09-22 13:52:39 CEST.

Flavor Version Tinstall Tcheck Ttotal Status Flags
r-devel-linux-x86_64-debian-clang 0.3.0 7.26 55.42 62.68 OK
r-devel-linux-x86_64-debian-gcc 0.3.0 4.87 40.37 45.24 OK
r-devel-linux-x86_64-fedora-clang 0.3.0 80.29 OK
r-devel-linux-x86_64-fedora-gcc 0.3.0 69.34 OK
r-devel-windows-x86_64 0.3.0 7.00 52.00 59.00 OK
r-devel-windows-x86_64-gcc10-UCRT 0.3.0 ERROR
r-patched-linux-x86_64 0.3.0 6.44 50.71 57.15 OK
r-patched-solaris-x86 0.3.0 101.70 OK
r-release-linux-x86_64 0.3.0 6.74 50.55 57.29 OK
r-release-macos-arm64 0.3.0 OK
r-release-macos-x86_64 0.3.0 OK
r-release-windows-ix86+x86_64 0.3.0 16.00 55.00 71.00 OK
r-oldrel-macos-x86_64 0.3.0 OK
r-oldrel-windows-ix86+x86_64 0.3.0 12.00 54.00 66.00 OK

Additional issues

donttest

Check Details

Version: 0.3.0
Check: PDF version of manual
Result: WARN
    LaTeX errors when creating PDF version.
    This typically indicates Rd problems.
Flavor: r-devel-windows-x86_64-gcc10-UCRT

Version: 0.3.0
Check: PDF version of manual without hyperrefs or index
Result: ERROR
    Re-running with no redirection of stdout/stderr.
Flavor: r-devel-windows-x86_64-gcc10-UCRT