CRAN Package Check Results for Package edeaR

Last updated on 2024-07-24 10:33:59 CEST.

Flavor Version Tinstall Tcheck Ttotal Status Flags
r-devel-linux-x86_64-debian-clang 0.9.4 20.43 195.47 215.90 OK
r-devel-linux-x86_64-debian-gcc 0.9.4 16.56 148.40 164.96 NOTE
r-devel-linux-x86_64-fedora-clang 0.9.4 285.54 NOTE
r-devel-linux-x86_64-fedora-gcc 0.9.4 267.79 OK
r-devel-windows-x86_64 0.9.4 20.00 154.00 174.00 NOTE
r-patched-linux-x86_64 0.9.4 34.44 191.92 226.36 OK
r-release-linux-x86_64 0.9.4 12.57 189.06 201.63 OK
r-release-macos-arm64 0.9.4 77.00 OK
r-release-macos-x86_64 0.9.4 107.00 OK
r-release-windows-x86_64 0.9.4 18.00 156.00 174.00 OK
r-oldrel-macos-arm64 0.9.4 83.00 OK
r-oldrel-macos-x86_64 0.9.4 159.00 OK
r-oldrel-windows-x86_64 0.9.4 25.00 191.00 216.00 OK

Check Details

Version: 0.9.4
Check: Rd cross-references
Result: NOTE Found the following Rd file(s) with Rd \link{} targets missing package anchors: filter_case_condition.Rd: dplyr_data_masking Please provide package anchors for all Rd \link{} targets not in the package itself and the base packages. Flavors: r-devel-linux-x86_64-debian-gcc, r-devel-windows-x86_64

Version: 0.9.4
Check: Rd cross-references
Result: NOTE Undeclared package ‘magrittr’ in Rd xrefs Flavor: r-devel-linux-x86_64-fedora-clang