CRAN Package Check Results for Package edgeRun

Last updated on 2021-10-18 19:51:33 CEST.

Flavor Version Tinstall Tcheck Ttotal Status Flags
r-devel-linux-x86_64-debian-clang 1.0.9 4.76 49.94 54.70 NOTE
r-devel-linux-x86_64-debian-gcc 1.0.9 3.45 38.98 42.43 NOTE
r-devel-linux-x86_64-fedora-clang 1.0.9 70.78 NOTE
r-devel-linux-x86_64-fedora-gcc 1.0.9 58.09 NOTE
r-devel-windows-x86_64 1.0.9 9.00 63.00 72.00 NOTE
r-devel-windows-x86_64-gcc10-UCRT 1.0.9 NOTE
r-patched-linux-x86_64 1.0.9 5.34 46.10 51.44 NOTE
r-patched-solaris-x86 1.0.9 86.80 NOTE
r-release-linux-x86_64 1.0.9 4.52 45.25 49.77 NOTE
r-release-macos-arm64 1.0.9 NOTE
r-release-macos-x86_64 1.0.9 NOTE
r-release-windows-ix86+x86_64 1.0.9 8.00 67.00 75.00 NOTE
r-oldrel-macos-x86_64 1.0.9 NOTE
r-oldrel-windows-ix86+x86_64 1.0.9 11.00 69.00 80.00 NOTE

Check Details

Version: 1.0.9
Check: R code for possible problems
Result: NOTE
    UCexactTest: no visible global function definition for 'is'
    UCexactTest: no visible global function definition for 'new'
    pvalue: no visible global function definition for 'dnbinom'
    pvalue: no visible global function definition for 'pnbinom'
    sup.mu: no visible global function definition for 'predict'
    Undefined global functions or variables:
     dnbinom is new pnbinom predict
    Consider adding
     importFrom("methods", "is", "new")
     importFrom("stats", "dnbinom", "pnbinom", "predict")
    to your NAMESPACE file (and ensure that your DESCRIPTION Imports field
    contains 'methods').
Flavors: r-devel-linux-x86_64-debian-clang, r-devel-linux-x86_64-debian-gcc, r-devel-linux-x86_64-fedora-clang, r-devel-linux-x86_64-fedora-gcc, r-devel-windows-x86_64, r-devel-windows-x86_64-gcc10-UCRT, r-patched-linux-x86_64, r-patched-solaris-x86, r-release-linux-x86_64, r-release-macos-arm64, r-release-macos-x86_64, r-release-windows-ix86+x86_64, r-oldrel-macos-x86_64, r-oldrel-windows-ix86+x86_64