CRAN Package Check Results for Package editData

Last updated on 2021-10-19 07:49:34 CEST.

Flavor Version Tinstall Tcheck Ttotal Status Flags
r-devel-linux-x86_64-debian-clang 0.1.8 6.64 58.87 65.51 OK
r-devel-linux-x86_64-debian-gcc 0.1.8 5.58 44.24 49.82 OK
r-devel-linux-x86_64-fedora-clang 0.1.8 89.00 NOTE
r-devel-linux-x86_64-fedora-gcc 0.1.8 75.02 NOTE
r-devel-windows-x86_64 0.1.8 11.00 85.00 96.00 OK
r-devel-windows-x86_64-gcc10-UCRT 0.1.8 NOTE
r-patched-linux-x86_64 0.1.8 7.45 54.79 62.24 OK
r-patched-solaris-x86 0.1.8 117.80 NOTE
r-release-linux-x86_64 0.1.8 6.46 55.21 61.67 OK
r-release-macos-arm64 0.1.8 NOTE
r-release-macos-x86_64 0.1.8 NOTE
r-release-windows-ix86+x86_64 0.1.8 18.00 92.00 110.00 OK
r-oldrel-macos-x86_64 0.1.8 NOTE
r-oldrel-windows-ix86+x86_64 0.1.8 17.00 90.00 107.00 OK

Check Details

Version: 0.1.8
Check: dependencies in R code
Result: NOTE
    Namespaces in Imports field not imported from:
     ‘dplyr’ ‘magrittr’ ‘tibble’
     All declared Imports should be used.
Flavors: r-devel-linux-x86_64-fedora-clang, r-devel-linux-x86_64-fedora-gcc, r-devel-windows-x86_64-gcc10-UCRT, r-patched-solaris-x86, r-release-macos-arm64, r-release-macos-x86_64, r-oldrel-macos-x86_64