CRAN Package Check Results for Package eegkitdata

Last updated on 2021-08-05 18:52:49 CEST.

Flavor Version Tinstall Tcheck Ttotal Status Flags
r-devel-linux-x86_64-debian-clang 1.0 1.96 22.80 24.76 NOTE
r-devel-linux-x86_64-debian-gcc 1.0 1.44 18.17 19.61 NOTE
r-devel-linux-x86_64-fedora-clang 1.0 39.64 NOTE
r-devel-linux-x86_64-fedora-gcc 1.0 28.67 NOTE
r-devel-windows-x86_64 1.0 4.00 34.00 38.00 NOTE
r-devel-windows-x86_64-gcc10-UCRT 1.0 NOTE
r-patched-linux-x86_64 1.0 2.09 22.37 24.46 NOTE
r-patched-solaris-x86 1.0 47.70 NOTE
r-release-linux-x86_64 1.0 1.85 22.24 24.09 NOTE
r-release-macos-arm64 1.0 NOTE
r-release-macos-x86_64 1.0 NOTE
r-release-windows-ix86+x86_64 1.0 4.00 27.00 31.00 NOTE
r-oldrel-macos-x86_64 1.0 NOTE
r-oldrel-windows-ix86+x86_64 1.0 5.00 25.00 30.00 NOTE

Check Details

Version: 1.0
Check: R code for possible problems
Result: NOTE
    geteegdata: no visible global function definition for 'untar'
    geteegdata: no visible global function definition for 'read.table'
    geteegdata: no visible global function definition for 'write.csv'
    geteegdata: no visible global function definition for 'write.table'
    Undefined global functions or variables:
     read.table untar write.csv write.table
    Consider adding
     importFrom("utils", "read.table", "untar", "write.csv", "write.table")
    to your NAMESPACE file.
Flavors: r-devel-linux-x86_64-debian-clang, r-devel-linux-x86_64-debian-gcc, r-devel-linux-x86_64-fedora-clang, r-devel-linux-x86_64-fedora-gcc, r-devel-windows-x86_64, r-devel-windows-x86_64-gcc10-UCRT, r-patched-linux-x86_64, r-patched-solaris-x86, r-release-linux-x86_64, r-release-macos-arm64, r-release-macos-x86_64, r-release-windows-ix86+x86_64, r-oldrel-macos-x86_64, r-oldrel-windows-ix86+x86_64