CRAN Package Check Results for Package eemR

Last updated on 2021-09-21 13:52:13 CEST.

Flavor Version Tinstall Tcheck Ttotal Status Flags
r-devel-linux-x86_64-debian-clang 1.0.1 6.41 75.26 81.67 OK
r-devel-linux-x86_64-debian-gcc 1.0.1 5.32 56.08 61.40 OK
r-devel-linux-x86_64-fedora-clang 1.0.1 106.10 OK
r-devel-linux-x86_64-fedora-gcc 1.0.1 92.50 OK
r-devel-windows-x86_64 1.0.1 9.00 77.00 86.00 OK
r-devel-windows-x86_64-gcc10-UCRT 1.0.1 ERROR
r-patched-linux-x86_64 1.0.1 10.15 71.98 82.13 OK
r-patched-solaris-x86 1.0.1 134.40 OK
r-release-linux-x86_64 1.0.1 5.05 71.97 77.02 OK
r-release-macos-arm64 1.0.1 OK
r-release-macos-x86_64 1.0.1 OK
r-release-windows-ix86+x86_64 1.0.1 16.00 78.00 94.00 OK
r-oldrel-macos-x86_64 1.0.1 OK
r-oldrel-windows-ix86+x86_64 1.0.1 18.00 106.00 124.00 OK

Check Details

Version: 1.0.1
Check: package dependencies
Result: ERROR
    Package required but not available: 'rlist'
    
    See section 'The DESCRIPTION file' in the 'Writing R Extensions'
    manual.
Flavor: r-devel-windows-x86_64-gcc10-UCRT