CRAN Package Check Results for Package eggCounts

Last updated on 2021-10-19 04:51:49 CEST.

Flavor Version Tinstall Tcheck Ttotal Status Flags
r-devel-linux-x86_64-debian-clang 2.3-1 768.51 149.81 918.32 NOTE
r-devel-linux-x86_64-debian-gcc 2.3-1 704.98 145.65 850.63 NOTE
r-devel-linux-x86_64-fedora-clang 2.3-1 1418.92 NOTE
r-devel-linux-x86_64-fedora-gcc 2.3-1 1546.81 NOTE
r-devel-windows-x86_64 2.3-1 950.00 246.00 1196.00 NOTE
r-devel-windows-x86_64-gcc10-UCRT 2.3-1 NOTE
r-patched-linux-x86_64 2.3-1 748.17 184.92 933.09 NOTE
r-patched-solaris-x86 2.3-1 1221.10 NOTE
r-release-linux-x86_64 2.3-1 717.49 180.54 898.03 NOTE
r-release-macos-arm64 2.3-1 NOTE
r-release-macos-x86_64 2.3-1 NOTE
r-release-windows-ix86+x86_64 2.3-1 1616.00 371.00 1987.00 NOTE
r-oldrel-macos-x86_64 2.3-1 NOTE
r-oldrel-windows-ix86+x86_64 2.3-1 1482.00 358.00 1840.00 NOTE

Check Details

Version: 2.3-1
Check: package dependencies
Result: NOTE
    Package suggested but not available for checking: 'eggCountsExtra'
Flavors: r-devel-linux-x86_64-debian-clang, r-devel-linux-x86_64-debian-gcc, r-devel-linux-x86_64-fedora-clang, r-devel-linux-x86_64-fedora-gcc, r-devel-windows-x86_64, r-devel-windows-x86_64-gcc10-UCRT, r-patched-linux-x86_64, r-patched-solaris-x86, r-release-linux-x86_64, r-release-macos-arm64, r-release-macos-x86_64, r-release-windows-ix86+x86_64, r-oldrel-macos-x86_64, r-oldrel-windows-ix86+x86_64

Version: 2.3-1
Check: for GNU extensions in Makefiles
Result: NOTE
    GNU make is a SystemRequirements.
Flavors: r-devel-linux-x86_64-debian-clang, r-devel-linux-x86_64-debian-gcc, r-devel-linux-x86_64-fedora-clang, r-devel-linux-x86_64-fedora-gcc, r-devel-windows-x86_64, r-devel-windows-x86_64-gcc10-UCRT, r-patched-linux-x86_64, r-patched-solaris-x86, r-release-linux-x86_64, r-release-macos-arm64, r-release-macos-x86_64, r-release-windows-ix86+x86_64, r-oldrel-macos-x86_64, r-oldrel-windows-ix86+x86_64

Version: 2.3-1
Check: installed package size
Result: NOTE
     installed size is 89.6Mb
     sub-directories of 1Mb or more:
     libs 88.8Mb
Flavors: r-devel-linux-x86_64-fedora-clang, r-devel-windows-x86_64, r-patched-solaris-x86, r-release-macos-arm64, r-release-macos-x86_64, r-release-windows-ix86+x86_64, r-oldrel-macos-x86_64, r-oldrel-windows-ix86+x86_64

Version: 2.3-1
Check: dependencies in R code
Result: NOTE
    Namespace in Imports field not imported from: ‘rstantools’
     All declared Imports should be used.
Flavors: r-devel-linux-x86_64-fedora-clang, r-devel-linux-x86_64-fedora-gcc, r-devel-windows-x86_64-gcc10-UCRT, r-patched-solaris-x86, r-release-macos-arm64, r-release-macos-x86_64, r-oldrel-macos-x86_64

Version: 2.3-1
Check: line endings in C/C++/Fortran sources/headers
Result: NOTE
    Found the following sources/headers with CR or CRLF line endings:
     src/stan_files/indefficacy.hpp
     src/stan_files/nb.hpp
     src/stan_files/paired.hpp
     src/stan_files/simple.hpp
     src/stan_files/unpaired.hpp
     src/stan_files/zinb.hpp
     src/stan_files/zipaired.hpp
     src/stan_files/ziunpaired.hpp
    Some Unix compilers require LF line endings.
Flavor: r-devel-windows-x86_64-gcc10-UCRT