CRAN Package Check Results for Package eimpute

Last updated on 2021-09-28 01:49:21 CEST.

Flavor Version Tinstall Tcheck Ttotal Status Flags
r-devel-linux-x86_64-debian-clang 0.1.1 137.96 32.09 170.05 NOTE
r-devel-linux-x86_64-debian-gcc 0.1.1 107.72 29.48 137.20 NOTE
r-devel-linux-x86_64-fedora-clang 0.1.1 245.77 NOTE
r-devel-linux-x86_64-fedora-gcc 0.1.1 249.65 NOTE
r-devel-windows-x86_64 0.1.1 85.00 52.00 137.00 NOTE
r-devel-windows-x86_64-gcc10-UCRT 0.1.1 NOTE
r-patched-linux-x86_64 0.1.1 132.68 34.40 167.08 NOTE
r-patched-solaris-x86 0.1.1 188.20 NOTE
r-release-linux-x86_64 0.1.1 127.12 34.34 161.46 NOTE
r-release-macos-arm64 0.1.1 NOTE
r-release-macos-x86_64 0.1.1 NOTE
r-release-windows-ix86+x86_64 0.1.1 230.00 65.00 295.00 NOTE
r-oldrel-macos-x86_64 0.1.1 NOTE
r-oldrel-windows-ix86+x86_64 0.1.1 171.00 61.00 232.00 OK

Check Details

Version: 0.1.1
Check: LazyData
Result: NOTE
     'LazyData' is specified without a 'data' directory
Flavors: r-devel-linux-x86_64-debian-clang, r-devel-linux-x86_64-debian-gcc, r-devel-linux-x86_64-fedora-clang, r-devel-linux-x86_64-fedora-gcc, r-devel-windows-x86_64, r-devel-windows-x86_64-gcc10-UCRT, r-patched-linux-x86_64, r-patched-solaris-x86, r-release-linux-x86_64, r-release-macos-arm64, r-release-macos-x86_64, r-release-windows-ix86+x86_64

Version: 0.1.1
Check: installed package size
Result: NOTE
     installed size is 41.4Mb
     sub-directories of 1Mb or more:
     libs 40.4Mb
Flavors: r-devel-linux-x86_64-fedora-clang, r-release-macos-arm64, r-release-macos-x86_64, r-oldrel-macos-x86_64