CRAN Package Check Results for Package elo

Last updated on 2021-09-22 13:52:39 CEST.

Flavor Version Tinstall Tcheck Ttotal Status Flags
r-devel-linux-x86_64-debian-clang 2.1.1 56.90 46.75 103.65 ERROR
r-devel-linux-x86_64-debian-gcc 2.1.1 37.94 36.12 74.06 ERROR
r-devel-linux-x86_64-fedora-clang 2.1.1 168.52 ERROR
r-devel-linux-x86_64-fedora-gcc 2.1.1 129.19 ERROR
r-devel-windows-x86_64 2.1.1 57.00 57.00 114.00 ERROR
r-devel-windows-x86_64-gcc10-UCRT 2.1.1 ERROR
r-patched-linux-x86_64 2.1.1 44.45 44.80 89.25 OK
r-patched-solaris-x86 2.1.1 141.90 OK
r-release-linux-x86_64 2.1.1 43.81 45.00 88.81 OK
r-release-macos-arm64 2.1.1 OK
r-release-macos-x86_64 2.1.1 OK
r-release-windows-ix86+x86_64 2.1.1 133.00 73.00 206.00 OK
r-oldrel-macos-x86_64 2.1.1 OK
r-oldrel-windows-ix86+x86_64 2.1.1 95.00 68.00 163.00 OK

Check Details

Version: 2.1.1
Check: tests
Result: ERROR
     Running 'testthat.R' [3s/4s]
    Running the tests in 'tests/testthat.R' failed.
    Complete output:
     > library(testthat)
     > library(elo)
     >
     > test_check("elo")
     == Failed tests ================================================================
     -- Error (test_elo.winpct.R:23:3): elo.winpct is working correctly -------------
     Error: cannot mtfrm
     Backtrace:
     x
     1. +-elo::elo.winpct(...) test_elo.winpct.R:23:2
     2. | \-elo:::check_elo_winpct_vars(mf)
     3. | \-base::matrix(tmp[t1], nrow = nrow(t1))
     4. +-base::mtfrm(...)
     5. \-base::mtfrm.default(...)
    
     [ FAIL 1 | WARN 0 | SKIP 0 | PASS 184 ]
     Error: Test failures
     Execution halted
Flavor: r-devel-linux-x86_64-debian-clang

Version: 2.1.1
Check: tests
Result: ERROR
     Running ‘testthat.R’ [2s/4s]
    Running the tests in ‘tests/testthat.R’ failed.
    Complete output:
     > library(testthat)
     > library(elo)
     >
     > test_check("elo")
     ══ Failed tests ════════════════════════════════════════════════════════════════
     ── Error (test_elo.winpct.R:23:3): elo.winpct is working correctly ─────────────
     Error: cannot mtfrm
     Backtrace:
     █
     1. ├─elo::elo.winpct(...) test_elo.winpct.R:23:2
     2. │ └─elo:::check_elo_winpct_vars(mf)
     3. │ └─base::matrix(tmp[t1], nrow = nrow(t1))
     4. ├─base::mtfrm(...)
     5. └─base::mtfrm.default(...)
    
     [ FAIL 1 | WARN 0 | SKIP 0 | PASS 184 ]
     Error: Test failures
     Execution halted
Flavor: r-devel-linux-x86_64-debian-gcc

Version: 2.1.1
Check: tests
Result: ERROR
     Running ‘testthat.R’
    Running the tests in ‘tests/testthat.R’ failed.
    Complete output:
     > library(testthat)
     > library(elo)
     >
     > test_check("elo")
     ══ Failed tests ════════════════════════════════════════════════════════════════
     ── Error (test_elo.winpct.R:23:3): elo.winpct is working correctly ─────────────
     Error: cannot mtfrm
     Backtrace:
     █
     1. ├─elo::elo.winpct(...) test_elo.winpct.R:23:2
     2. │ └─elo:::check_elo_winpct_vars(mf)
     3. │ └─base::matrix(tmp[t1], nrow = nrow(t1))
     4. ├─base::mtfrm(...)
     5. └─base::mtfrm.default(...)
    
     [ FAIL 1 | WARN 0 | SKIP 0 | PASS 184 ]
     Error: Test failures
     Execution halted
Flavors: r-devel-linux-x86_64-fedora-clang, r-devel-linux-x86_64-fedora-gcc

Version: 2.1.1
Check: tests
Result: ERROR
     Running 'testthat.R' [2s]
    Running the tests in 'tests/testthat.R' failed.
    Complete output:
     > library(testthat)
     > library(elo)
     >
     > test_check("elo")
     == Failed tests ================================================================
     -- Error (test_elo.winpct.R:23:3): elo.winpct is working correctly -------------
     Error: cannot mtfrm
     Backtrace:
     x
     1. +-elo::elo.winpct(...) test_elo.winpct.R:23:2
     2. | \-elo:::check_elo_winpct_vars(mf)
     3. | \-base::matrix(tmp[t1], nrow = nrow(t1))
     4. +-base::mtfrm(...)
     5. \-base::mtfrm.default(...)
    
     [ FAIL 1 | WARN 0 | SKIP 0 | PASS 184 ]
     Error: Test failures
     Execution halted
Flavor: r-devel-windows-x86_64

Version: 2.1.1
Check: whether package can be installed
Result: ERROR
    Installation failed.
Flavor: r-devel-windows-x86_64-gcc10-UCRT