CRAN Package Check Results for Package embed

Last updated on 2024-07-16 16:52:49 CEST.

Flavor Version Tinstall Tcheck Ttotal Status Flags
r-devel-linux-x86_64-debian-clang 1.1.4 15.99 231.88 247.87 OK
r-devel-linux-x86_64-debian-gcc 1.1.4 12.97 173.51 186.48 OK
r-devel-linux-x86_64-fedora-clang 1.1.4 314.16 NOTE
r-devel-linux-x86_64-fedora-gcc 1.1.4 289.07 OK
r-devel-windows-x86_64 1.1.4 15.00 267.00 282.00 NOTE
r-patched-linux-x86_64 1.1.4 21.98 223.31 245.29 OK
r-release-linux-x86_64 1.1.4 11.62 230.89 242.51 OK
r-release-macos-arm64 1.1.4 82.00 OK
r-release-macos-x86_64 1.1.4 193.00 OK
r-release-windows-x86_64 1.1.4 15.00 250.00 265.00 OK
r-oldrel-macos-arm64 1.1.4 86.00 OK
r-oldrel-macos-x86_64 1.1.4 233.00 OK
r-oldrel-windows-x86_64 1.1.4 20.00 272.00 292.00 OK

Check Details

Version: 1.1.4
Check: Rd cross-references
Result: NOTE Undeclared package ‘textrecipes’ in Rd xrefs Flavor: r-devel-linux-x86_64-fedora-clang

Version: 1.1.4
Check: Rd cross-references
Result: NOTE Found the following Rd file(s) with Rd \link{} targets missing package anchors: step_collapse_cart.Rd: selections, bake, prep, tidy.recipe step_collapse_stringdist.Rd: selections, prep, tidy.recipe step_discretize_cart.Rd: selections, tidy.recipe step_discretize_xgb.Rd: selections, tidy.recipe step_embed.Rd: tidy.recipe step_feature_hash.Rd: tidy.recipe step_lencode_bayes.Rd: tidy.recipe step_lencode_glm.Rd: tidy.recipe step_lencode_mixed.Rd: tidy.recipe step_pca_sparse.Rd: selections, prep, tidy.recipe step_pca_sparse_bayes.Rd: selections, prep, tidy.recipe step_pca_truncated.Rd: prep, step_center, step_scale, tidy.recipe, case_weights step_umap.Rd: prep, bake, tidy.recipe step_woe.Rd: selections, step_discretize, tidy.recipe Please provide package anchors for all Rd \link{} targets not in the package itself and the base packages. Flavor: r-devel-windows-x86_64