CRAN Package Check Results for Package embed

Last updated on 2024-02-27 09:53:54 CET.

Flavor Version Tinstall Tcheck Ttotal Status Flags
r-devel-linux-x86_64-debian-clang 1.1.3 18.19 265.47 283.66 OK
r-devel-linux-x86_64-debian-gcc 1.1.3 12.95 200.86 213.81 OK
r-devel-linux-x86_64-fedora-clang 1.1.3 341.24 NOTE
r-devel-linux-x86_64-fedora-gcc 1.1.3 341.43 OK
r-devel-windows-x86_64 1.1.3 16.00 280.00 296.00 OK
r-patched-linux-x86_64 1.1.3 26.00 257.07 283.07 OK
r-release-linux-x86_64 1.1.3 17.18 263.48 280.66 OK
r-release-macos-arm64 1.1.3 123.00 OK
r-release-macos-x86_64 1.1.3 223.00 OK
r-release-windows-x86_64 1.1.3 20.00 309.00 329.00 OK
r-oldrel-macos-arm64 1.1.3 104.00 OK
r-oldrel-windows-x86_64 1.1.3 21.00 300.00 321.00 OK

Check Details

Version: 1.1.3
Check: Rd cross-references
Result: NOTE Undeclared package ‘textrecipes’ in Rd xrefs Flavor: r-devel-linux-x86_64-fedora-clang