CRAN Package Check Results for Package embryogrowth

Last updated on 2021-10-18 22:56:03 CEST.

Flavor Version Tinstall Tcheck Ttotal Status Flags
r-devel-linux-x86_64-debian-clang 8.2 22.20 119.76 141.96 OK
r-devel-linux-x86_64-debian-gcc 8.2 18.19 90.43 108.62 OK
r-devel-linux-x86_64-fedora-clang 8.2 180.25 NOTE
r-devel-linux-x86_64-fedora-gcc 8.2 171.90 NOTE
r-devel-windows-x86_64 8.2 34.00 157.00 191.00 OK
r-devel-windows-x86_64-gcc10-UCRT 8.2 NOTE
r-patched-linux-x86_64 8.2 19.70 118.27 137.97 OK
r-patched-solaris-x86 8.2 228.60 NOTE
r-release-linux-x86_64 8.2 19.36 114.84 134.20 OK
r-release-macos-arm64 8.2 NOTE
r-release-macos-x86_64 8.2 NOTE
r-release-windows-ix86+x86_64 8.2 28.00 157.00 185.00 OK
r-oldrel-macos-x86_64 8.2 NOTE
r-oldrel-windows-ix86+x86_64 8.2 41.00 178.00 219.00 OK

Check Details

Version: 8.2
Check: data for non-ASCII characters
Result: NOTE
     Note: found 62 marked UTF-8 strings
Flavors: r-devel-linux-x86_64-fedora-clang, r-devel-linux-x86_64-fedora-gcc, r-devel-windows-x86_64-gcc10-UCRT, r-patched-solaris-x86, r-release-macos-arm64, r-release-macos-x86_64, r-oldrel-macos-x86_64