CRAN Package Check Results for Package emld

Last updated on 2024-07-13 04:48:36 CEST.

Flavor Version Tinstall Tcheck Ttotal Status Flags
r-devel-linux-x86_64-debian-clang 0.5.1 5.48 85.99 91.47 NOTE
r-devel-linux-x86_64-debian-gcc 0.5.1 4.92 64.56 69.48 NOTE
r-devel-linux-x86_64-fedora-clang 0.5.1 112.57 NOTE
r-devel-linux-x86_64-fedora-gcc 0.5.1 118.32 NOTE
r-devel-windows-x86_64 0.5.1 7.00 88.00 95.00 NOTE
r-patched-linux-x86_64 0.5.1 5.44 82.44 87.88 NOTE
r-release-linux-x86_64 0.5.1 5.76 82.97 88.73 NOTE
r-release-macos-arm64 0.5.1 43.00 NOTE
r-release-macos-x86_64 0.5.1 64.00 NOTE
r-release-windows-x86_64 0.5.1 6.00 86.00 92.00 NOTE
r-oldrel-macos-arm64 0.5.1 44.00 NOTE
r-oldrel-macos-x86_64 0.5.1 68.00 NOTE
r-oldrel-windows-x86_64 0.5.1 9.00 98.00 107.00 NOTE

Check Details

Version: 0.5.1
Check: LazyData
Result: NOTE 'LazyData' is specified without a 'data' directory Flavors: r-devel-linux-x86_64-debian-clang, r-devel-linux-x86_64-debian-gcc, r-devel-linux-x86_64-fedora-clang, r-devel-linux-x86_64-fedora-gcc, r-devel-windows-x86_64, r-patched-linux-x86_64, r-release-linux-x86_64, r-release-macos-arm64, r-release-macos-x86_64, r-release-windows-x86_64, r-oldrel-macos-arm64, r-oldrel-macos-x86_64, r-oldrel-windows-x86_64