CRAN Package Check Results for Package emoji

Last updated on 2024-07-23 22:49:38 CEST.

Flavor Version Tinstall Tcheck Ttotal Status Flags
r-devel-linux-x86_64-debian-clang 15.0 3.96 39.29 43.25 NOTE
r-devel-linux-x86_64-debian-gcc 15.0 3.01 29.03 32.04 NOTE
r-devel-linux-x86_64-fedora-clang 15.0 53.77 NOTE
r-devel-linux-x86_64-fedora-gcc 15.0 51.06 NOTE
r-devel-windows-x86_64 15.0 7.00 55.00 62.00 NOTE
r-patched-linux-x86_64 15.0 4.84 35.94 40.78 NOTE
r-release-linux-x86_64 15.0 3.69 37.43 41.12 NOTE
r-release-macos-arm64 15.0 22.00 NOTE
r-release-macos-x86_64 15.0 30.00 NOTE
r-release-windows-x86_64 15.0 6.00 55.00 61.00 NOTE
r-oldrel-macos-arm64 15.0 21.00 OK
r-oldrel-macos-x86_64 15.0 30.00 OK
r-oldrel-windows-x86_64 15.0 6.00 58.00 64.00 OK

Check Details

Version: 15.0
Check: Rd files
Result: NOTE checkRd: (-1) medal.Rd:21: Lost braces in \itemize; meant \describe ? checkRd: (-1) medal.Rd:22: Lost braces in \itemize; meant \describe ? checkRd: (-1) medal.Rd:23: Lost braces in \itemize; meant \describe ? Flavors: r-devel-linux-x86_64-debian-clang, r-devel-linux-x86_64-debian-gcc, r-devel-linux-x86_64-fedora-clang, r-devel-linux-x86_64-fedora-gcc, r-devel-windows-x86_64, r-patched-linux-x86_64, r-release-linux-x86_64, r-release-macos-arm64, r-release-macos-x86_64, r-release-windows-x86_64

Version: 15.0
Check: data for non-ASCII characters
Result: NOTE Note: found 16919 marked UTF-8 strings Flavors: r-devel-linux-x86_64-fedora-clang, r-devel-linux-x86_64-fedora-gcc