CRAN Package Check Results for Package enmSdmX

Last updated on 2024-06-16 10:55:32 CEST.

Flavor Version Tinstall Tcheck Ttotal Status Flags
r-devel-linux-x86_64-debian-clang 1.1.5 11.69 135.45 147.14 OK
r-devel-linux-x86_64-debian-gcc 1.1.6 11.07 100.89 111.96 OK
r-devel-linux-x86_64-fedora-clang 1.1.6 188.15 OK
r-devel-linux-x86_64-fedora-gcc 1.1.6 175.42 OK
r-devel-windows-x86_64 1.1.5 14.00 165.00 179.00 OK
r-patched-linux-x86_64 1.1.5 13.32 128.02 141.34 OK
r-release-linux-x86_64 1.1.5 14.62 126.43 141.05 NOTE
r-release-macos-arm64 1.1.6 56.00 OK
r-release-macos-x86_64 1.1.6 141.00 OK
r-release-windows-x86_64 1.1.5 15.00 135.00 150.00 OK
r-oldrel-macos-arm64 1.1.6 54.00 OK
r-oldrel-macos-x86_64 1.1.6 100.00 OK
r-oldrel-windows-x86_64 1.1.6 17.00 179.00 196.00 OK

Check Details

Version: 1.1.5
Check: package dependencies
Result: NOTE Package suggested but not available for checking: ‘geodata’ Flavor: r-release-linux-x86_64